Last updated on 2025-02-18 02:50:48 CET.
Flavor | Version | Tinstall | Tcheck | Ttotal | Status | Flags |
---|---|---|---|---|---|---|
r-devel-linux-x86_64-debian-clang | 2.32.6 | 180.35 | 176.47 | 356.82 | OK | |
r-devel-linux-x86_64-debian-gcc | 2.32.6 | 157.43 | 141.59 | 299.02 | OK | |
r-devel-linux-x86_64-fedora-clang | 2.32.6 | 606.91 | OK | |||
r-devel-linux-x86_64-fedora-gcc | 2.32.6 | 1454.29 | OK | |||
r-devel-macos-arm64 | 2.32.6 | 281.00 | OK | |||
r-devel-macos-x86_64 | 2.32.6 | 596.00 | OK | |||
r-devel-windows-x86_64 | 2.32.6 | 198.00 | 200.00 | 398.00 | OK | |
r-patched-linux-x86_64 | 2.32.6 | 217.03 | 183.16 | 400.19 | NOTE | |
r-release-linux-x86_64 | 2.32.6 | 194.56 | 184.01 | 378.57 | NOTE | |
r-release-macos-arm64 | 2.32.6 | 153.00 | NOTE | |||
r-release-macos-x86_64 | 2.32.6 | 270.00 | NOTE | |||
r-release-windows-x86_64 | 2.32.6 | 209.00 | 206.00 | 415.00 | NOTE | |
r-oldrel-macos-arm64 | 2.32.6 | 289.00 | NOTE | |||
r-oldrel-macos-x86_64 | 2.32.6 | 632.00 | NOTE | |||
r-oldrel-windows-x86_64 | 2.32.6 | 252.00 | 229.00 | 481.00 | NOTE |
Version: 2.32.6
Check: for GNU extensions in Makefiles
Result: NOTE
GNU make is a SystemRequirements.
Flavors: r-patched-linux-x86_64, r-release-linux-x86_64, r-release-macos-arm64, r-release-macos-x86_64, r-release-windows-x86_64, r-oldrel-macos-arm64, r-oldrel-macos-x86_64, r-oldrel-windows-x86_64
Version: 2.32.6
Check: installed package size
Result: NOTE
installed size is 49.4Mb
sub-directories of 1Mb or more:
exec 1.7Mb
lib 34.2Mb
libs 11.7Mb
Flavors: r-release-macos-arm64, r-release-macos-x86_64, r-release-windows-x86_64, r-oldrel-macos-arm64, r-oldrel-macos-x86_64, r-oldrel-windows-x86_64