Last updated on 2025-02-21 02:52:24 CET.
Flavor | Version | Tinstall | Tcheck | Ttotal | Status | Flags |
---|---|---|---|---|---|---|
r-devel-linux-x86_64-debian-clang | 1.6.6.1 | 204.07 | 160.16 | 364.23 | OK | |
r-devel-linux-x86_64-debian-gcc | 1.6.6.1 | 140.89 | 109.46 | 250.35 | OK | |
r-devel-linux-x86_64-fedora-clang | 1.6.6.1 | 613.30 | OK | |||
r-devel-linux-x86_64-fedora-gcc | 1.6.6.1 | 652.85 | OK | |||
r-devel-macos-arm64 | 1.6.6.1 | 165.00 | OK | |||
r-devel-macos-x86_64 | 1.6.6.1 | 259.00 | OK | |||
r-devel-windows-x86_64 | 1.6.6.1 | 195.00 | 242.00 | 437.00 | OK | |
r-patched-linux-x86_64 | 1.6.6.1 | 198.93 | 149.72 | 348.65 | OK | |
r-release-linux-x86_64 | 1.6.6.1 | 198.05 | 148.87 | 346.92 | OK | |
r-release-macos-arm64 | 1.6.6.1 | 156.00 | NOTE | |||
r-release-macos-x86_64 | 1.6.6.1 | 334.00 | NOTE | |||
r-release-windows-x86_64 | 1.6.6.1 | 197.00 | 242.00 | 439.00 | NOTE | |
r-oldrel-macos-arm64 | 1.6.6.1 | 155.00 | NOTE | |||
r-oldrel-macos-x86_64 | 1.6.6.1 | 346.00 | NOTE | |||
r-oldrel-windows-x86_64 | 1.6.6.1 | 237.00 | 289.00 | 526.00 | NOTE |
Version: 1.6.6.1
Check: installed package size
Result: NOTE
installed size is 37.2Mb
sub-directories of 1Mb or more:
libs 21.3Mb
Flavors: r-release-macos-arm64, r-release-macos-x86_64, r-release-windows-x86_64, r-oldrel-macos-arm64, r-oldrel-macos-x86_64, r-oldrel-windows-x86_64