CRAN Package Check Results for Package rstudioapi

Last updated on 2025-05-27 14:50:03 CEST.

Flavor Version Tinstall Tcheck Ttotal Status Flags
r-devel-linux-x86_64-debian-clang 0.17.1 3.11 43.06 46.17 OK
r-devel-linux-x86_64-debian-gcc 0.17.1 1.97 32.86 34.83 OK
r-devel-linux-x86_64-fedora-clang 0.17.1 72.59 OK
r-devel-linux-x86_64-fedora-gcc 0.17.1 84.70 OK
r-devel-windows-x86_64 0.17.1 8.00 86.00 94.00 OK
r-patched-linux-x86_64 0.17.1 4.37 41.15 45.52 OK
r-release-linux-x86_64 0.17.1 2.71 41.70 44.41 OK
r-release-macos-arm64 0.17.1 37.00 ERROR
r-release-macos-x86_64 0.17.1 64.00 OK
r-release-windows-x86_64 0.17.1 6.00 84.00 90.00 OK
r-oldrel-macos-arm64 0.17.1 36.00 OK
r-oldrel-macos-x86_64 0.17.1 113.00 OK
r-oldrel-windows-x86_64 0.17.1 7.00 91.00 98.00 OK

Check Details

Version: 0.17.1
Check: re-building of vignette outputs
Result: ERROR Error(s) in re-building vignettes: --- re-building ‘dialogs.Rmd’ using rmarkdown --- finished re-building ‘dialogs.Rmd’ --- re-building ‘document-manipulation.Rmd’ using rmarkdown --- finished re-building ‘document-manipulation.Rmd’ --- re-building ‘introduction.Rmd’ using rmarkdown --- finished re-building ‘introduction.Rmd’ --- re-building ‘projects.Rmd’ using rmarkdown --- finished re-building ‘projects.Rmd’ --- re-building ‘r-session.Rmd’ using rmarkdown --- finished re-building ‘r-session.Rmd’ Error in loadVignetteBuilder(pkgdir) : vignette builder 'knitr' not found Calls: <Anonymous> -> loadVignetteBuilder Execution halted Error in loadVignetteBuilder(pkgdir) : vignette builder 'knitr' not found Calls: <Anonymous> -> loadVignetteBuilder Execution halted SUMMARY: processing the following files failed: ‘terminal.Rmd’ ‘visual-mode.Rmd’ Error: Vignette re-building failed. Execution halted Flavor: r-release-macos-arm64