Last updated on 2025-02-18 02:50:48 CET.
Flavor | Version | Tinstall | Tcheck | Ttotal | Status | Flags |
---|---|---|---|---|---|---|
r-devel-linux-x86_64-debian-clang | 2.6.1 | 3.07 | 27.43 | 30.50 | OK | |
r-devel-linux-x86_64-debian-gcc | 2.6.1 | 2.51 | 21.28 | 23.79 | OK | |
r-devel-linux-x86_64-fedora-clang | 2.6.1 | 53.12 | OK | |||
r-devel-linux-x86_64-fedora-gcc | 2.6.1 | 65.50 | OK | |||
r-devel-macos-arm64 | 2.6.1 | 39.00 | OK | |||
r-devel-macos-x86_64 | 2.6.1 | 75.00 | OK | |||
r-devel-windows-x86_64 | 2.6.1 | 31.00 | 227.00 | 258.00 | OK | |
r-patched-linux-x86_64 | 2.6.1 | 2.77 | 26.96 | 29.73 | OK | |
r-release-linux-x86_64 | 2.6.1 | 2.45 | 26.34 | 28.79 | OK | |
r-release-macos-arm64 | 2.6.1 | 54.00 | NOTE | |||
r-release-macos-x86_64 | 2.6.1 | 100.00 | NOTE | |||
r-release-windows-x86_64 | 2.6.1 | 31.00 | 233.00 | 264.00 | NOTE | |
r-oldrel-macos-arm64 | 2.6.1 | 72.00 | NOTE | |||
r-oldrel-macos-x86_64 | 2.6.1 | 69.00 | NOTE | |||
r-oldrel-windows-x86_64 | 2.6.1 | 80.00 | 269.00 | 349.00 | NOTE |
Version: 2.6.1
Check: installed package size
Result: NOTE
installed size is 29.1Mb
sub-directories of 1Mb or more:
libs 28.6Mb
Flavors: r-release-macos-arm64, r-release-macos-x86_64, r-release-windows-x86_64, r-oldrel-macos-arm64, r-oldrel-macos-x86_64, r-oldrel-windows-x86_64