CRAN Package Check Results for Package rt3

Last updated on 2025-02-18 02:50:48 CET.

Flavor Version Tinstall Tcheck Ttotal Status Flags
r-devel-linux-x86_64-debian-clang 0.1.2 1.60 18.09 19.69 OK
r-devel-linux-x86_64-debian-gcc 0.1.2 1.36 14.52 15.88 OK
r-devel-linux-x86_64-fedora-clang 0.1.2 31.91 OK
r-devel-linux-x86_64-fedora-gcc 0.1.2 30.72 OK
r-devel-macos-arm64 0.1.2 15.00 OK
r-devel-macos-x86_64 0.1.2 23.00 OK
r-devel-windows-x86_64 0.1.2 3.00 42.00 45.00 OK
r-patched-linux-x86_64 0.1.2 1.91 17.19 19.10 NOTE
r-release-linux-x86_64 0.1.2 1.67 17.07 18.74 NOTE
r-release-macos-arm64 0.1.2 15.00 NOTE
r-release-macos-x86_64 0.1.2 21.00 NOTE
r-release-windows-x86_64 0.1.2 2.00 47.00 49.00 NOTE
r-oldrel-macos-arm64 0.1.2 15.00 NOTE
r-oldrel-macos-x86_64 0.1.2 20.00 NOTE
r-oldrel-windows-x86_64 0.1.2 2.00 83.00 85.00 NOTE

Check Details

Version: 0.1.2
Check: LazyData
Result: NOTE 'LazyData' is specified without a 'data' directory Flavors: r-patched-linux-x86_64, r-release-linux-x86_64, r-release-macos-arm64, r-release-macos-x86_64, r-release-windows-x86_64, r-oldrel-macos-arm64, r-oldrel-macos-x86_64, r-oldrel-windows-x86_64