Last updated on 2024-05-21 14:57:23 CEST.
Flavor | Version | Tinstall | Tcheck | Ttotal | Status | Flags |
---|---|---|---|---|---|---|
r-devel-linux-x86_64-debian-clang | 0.8.0 | 2.20 | 22.83 | 25.03 | NOTE | |
r-devel-linux-x86_64-debian-gcc | 0.8.0 | 1.72 | 18.09 | 19.81 | NOTE | |
r-devel-linux-x86_64-fedora-clang | 0.8.0 | 33.99 | NOTE | |||
r-devel-linux-x86_64-fedora-gcc | 0.8.0 | 30.46 | NOTE | |||
r-devel-windows-x86_64 | 0.8.0 | 4.00 | 45.00 | 49.00 | NOTE | |
r-patched-linux-x86_64 | 0.8.0 | 2.09 | 21.97 | 24.06 | NOTE | |
r-release-linux-x86_64 | 0.8.0 | 1.78 | 22.54 | 24.32 | NOTE | |
r-release-macos-arm64 | 0.8.0 | 15.00 | NOTE | |||
r-release-windows-x86_64 | 0.8.0 | 4.00 | 45.00 | 49.00 | NOTE | |
r-oldrel-macos-arm64 | 0.8.0 | 15.00 | NOTE | |||
r-oldrel-macos-x86_64 | 0.8.0 | 21.00 | NOTE | |||
r-oldrel-windows-x86_64 | 0.8.0 | 4.00 | 46.00 | 50.00 | NOTE |
Version: 0.8.0
Check: LazyData
Result: NOTE
'LazyData' is specified without a 'data' directory
Flavors: r-devel-linux-x86_64-debian-clang, r-devel-linux-x86_64-debian-gcc, r-devel-linux-x86_64-fedora-clang, r-devel-linux-x86_64-fedora-gcc, r-devel-windows-x86_64, r-patched-linux-x86_64, r-release-linux-x86_64, r-release-macos-arm64, r-release-windows-x86_64, r-oldrel-macos-arm64, r-oldrel-macos-x86_64, r-oldrel-windows-x86_64