Last updated on 2025-02-21 02:52:24 CET.
Flavor | Version | Tinstall | Tcheck | Ttotal | Status | Flags |
---|---|---|---|---|---|---|
r-devel-linux-x86_64-debian-clang | 0.0.6 | 140.63 | 28.47 | 169.10 | OK | |
r-devel-linux-x86_64-debian-gcc | 0.0.6 | 107.70 | 22.62 | 130.32 | OK | |
r-devel-linux-x86_64-fedora-clang | 0.0.6 | 270.33 | OK | |||
r-devel-linux-x86_64-fedora-gcc | 0.0.6 | 276.13 | OK | |||
r-devel-macos-arm64 | 0.0.6 | 64.00 | OK | |||
r-devel-macos-x86_64 | 0.0.6 | 95.00 | OK | |||
r-devel-windows-x86_64 | 0.0.6 | 111.00 | 87.00 | 198.00 | OK | |
r-patched-linux-x86_64 | 0.0.6 | 142.47 | 26.77 | 169.24 | OK | |
r-release-linux-x86_64 | 0.0.6 | 141.53 | 27.33 | 168.86 | OK | |
r-release-macos-arm64 | 0.0.6 | 77.00 | NOTE | |||
r-release-macos-x86_64 | 0.0.6 | 100.00 | NOTE | |||
r-release-windows-x86_64 | 0.0.6 | 114.00 | 88.00 | 202.00 | NOTE | |
r-oldrel-macos-arm64 | 0.0.6 | 71.00 | NOTE | |||
r-oldrel-macos-x86_64 | 0.0.6 | 98.00 | NOTE | |||
r-oldrel-windows-x86_64 | 0.0.6 | 131.00 | 128.00 | 259.00 | NOTE |
Version: 0.0.6
Check: installed package size
Result: NOTE
installed size is 18.3Mb
sub-directories of 1Mb or more:
libs 18.2Mb
Flavors: r-release-macos-arm64, r-release-macos-x86_64, r-release-windows-x86_64, r-oldrel-macos-arm64, r-oldrel-macos-x86_64, r-oldrel-windows-x86_64