Last updated on 2025-02-18 02:50:48 CET.
Flavor | Version | Tinstall | Tcheck | Ttotal | Status | Flags |
---|---|---|---|---|---|---|
r-devel-linux-x86_64-debian-clang | 0.2.6.1 | 41.71 | 29.58 | 71.29 | NOTE | |
r-devel-linux-x86_64-debian-gcc | 0.2.6.1 | 35.36 | 23.29 | 58.65 | NOTE | |
r-devel-linux-x86_64-fedora-clang | 0.2.6.1 | 121.84 | NOTE | |||
r-devel-linux-x86_64-fedora-gcc | 0.2.6.1 | 136.72 | NOTE | |||
r-devel-macos-arm64 | 0.2.6.1 | 41.00 | NOTE | |||
r-devel-macos-x86_64 | 0.2.6.1 | 75.00 | NOTE | |||
r-devel-windows-x86_64 | 0.2.6.1 | 42.00 | 81.00 | 123.00 | NOTE | |
r-patched-linux-x86_64 | 0.2.6.1 | 49.31 | 27.41 | 76.72 | NOTE | |
r-release-linux-x86_64 | 0.2.6.1 | 49.50 | 27.83 | 77.33 | NOTE | |
r-release-macos-arm64 | 0.2.6.1 | 38.00 | NOTE | |||
r-release-macos-x86_64 | 0.2.6.1 | 43.00 | NOTE | |||
r-release-windows-x86_64 | 0.2.6.1 | 43.00 | 81.00 | 124.00 | NOTE | |
r-oldrel-macos-arm64 | 0.2.6.1 | 42.00 | NOTE | |||
r-oldrel-macos-x86_64 | 0.2.6.1 | 68.00 | NOTE | |||
r-oldrel-windows-x86_64 | 0.2.6.1 | 43.00 | 86.00 | 129.00 | NOTE |
Version: 0.2.6.1
Check: C++ specification
Result: NOTE
Specified C++11: please drop specification unless essential
Flavors: r-devel-linux-x86_64-debian-clang, r-devel-linux-x86_64-debian-gcc, r-devel-linux-x86_64-fedora-clang, r-devel-linux-x86_64-fedora-gcc, r-devel-macos-arm64, r-devel-macos-x86_64, r-devel-windows-x86_64, r-patched-linux-x86_64, r-release-linux-x86_64, r-release-macos-arm64, r-release-macos-x86_64, r-release-windows-x86_64, r-oldrel-macos-arm64, r-oldrel-macos-x86_64, r-oldrel-windows-x86_64
Version: 0.2.6.1
Check: installed package size
Result: NOTE
installed size is 7.2Mb
sub-directories of 1Mb or more:
libs 7.1Mb
Flavors: r-release-macos-arm64, r-release-macos-x86_64, r-oldrel-macos-arm64, r-oldrel-macos-x86_64