Last updated on 2025-02-20 14:51:08 CET.
Flavor | Version | Tinstall | Tcheck | Ttotal | Status | Flags |
---|---|---|---|---|---|---|
r-devel-linux-x86_64-debian-clang | 1.5-3 | 90.70 | 273.72 | 364.42 | OK | |
r-devel-linux-x86_64-debian-gcc | 1.5-3 | 51.69 | 166.50 | 218.19 | OK | |
r-devel-linux-x86_64-fedora-clang | 1.5-3 | 603.12 | OK | |||
r-devel-linux-x86_64-fedora-gcc | 1.5-3 | 580.71 | OK | |||
r-devel-macos-arm64 | 1.5-3 | 141.00 | OK | |||
r-devel-macos-x86_64 | 1.5-3 | 330.00 | OK | |||
r-devel-windows-x86_64 | 1.5-3 | 85.00 | 266.00 | 351.00 | OK | |
r-patched-linux-x86_64 | 1.5-3 | 78.15 | 263.08 | 341.23 | OK | |
r-release-linux-x86_64 | 1.5-3 | 80.60 | 264.34 | 344.94 | OK | |
r-release-macos-arm64 | 1.5-3 | 137.00 | NOTE | |||
r-release-macos-x86_64 | 1.5-3 | 263.00 | NOTE | |||
r-release-windows-x86_64 | 1.5-3 | 86.00 | 271.00 | 357.00 | NOTE | |
r-oldrel-macos-arm64 | 1.5-3 | 137.00 | NOTE | |||
r-oldrel-macos-x86_64 | 1.5-3 | 295.00 | NOTE | |||
r-oldrel-windows-x86_64 | 1.5-3 | 111.00 | 326.00 | 437.00 | NOTE |
Version: 1.5-3
Check: installed package size
Result: NOTE
installed size is 7.7Mb
sub-directories of 1Mb or more:
R 3.1Mb
libs 2.4Mb
Flavors: r-release-macos-arm64, r-release-macos-x86_64, r-release-windows-x86_64, r-oldrel-macos-arm64, r-oldrel-macos-x86_64, r-oldrel-windows-x86_64