Last updated on 2024-05-21 14:57:23 CEST.
Flavor | Version | Tinstall | Tcheck | Ttotal | Status | Flags |
---|---|---|---|---|---|---|
r-devel-linux-x86_64-debian-clang | 0.1.8 | 3.39 | 33.69 | 37.08 | NOTE | |
r-devel-linux-x86_64-debian-gcc | 0.1.8 | 2.55 | 25.83 | 28.38 | NOTE | |
r-devel-linux-x86_64-fedora-clang | 0.1.8 | 49.29 | NOTE | |||
r-devel-linux-x86_64-fedora-gcc | 0.1.8 | 44.31 | NOTE | |||
r-devel-windows-x86_64 | 0.1.8 | 5.00 | 57.00 | 62.00 | NOTE | |
r-patched-linux-x86_64 | 0.1.8 | 4.75 | 32.31 | 37.06 | NOTE | |
r-release-linux-x86_64 | 0.1.8 | 4.35 | 32.52 | 36.87 | NOTE | |
r-release-macos-arm64 | 0.1.8 | 19.00 | NOTE | |||
r-release-windows-x86_64 | 0.1.8 | 7.00 | 58.00 | 65.00 | NOTE | |
r-oldrel-macos-arm64 | 0.1.8 | 19.00 | NOTE | |||
r-oldrel-macos-x86_64 | 0.1.8 | 26.00 | NOTE | |||
r-oldrel-windows-x86_64 | 0.1.8 | 6.00 | 58.00 | 64.00 | NOTE |
Version: 0.1.8
Check: LazyData
Result: NOTE
'LazyData' is specified without a 'data' directory
Flavors: r-devel-linux-x86_64-debian-clang, r-devel-linux-x86_64-debian-gcc, r-devel-linux-x86_64-fedora-clang, r-devel-linux-x86_64-fedora-gcc, r-devel-windows-x86_64, r-patched-linux-x86_64, r-release-linux-x86_64, r-release-macos-arm64, r-release-windows-x86_64, r-oldrel-macos-arm64, r-oldrel-macos-x86_64, r-oldrel-windows-x86_64