CRAN Package Check Results for Package sClust

Last updated on 2025-02-18 02:50:49 CET.

Flavor Version Tinstall Tcheck Ttotal Status Flags
r-devel-linux-x86_64-debian-clang 1.0 2.53 30.13 32.66 NOTE
r-devel-linux-x86_64-debian-gcc 1.0 1.53 25.40 26.93 NOTE
r-devel-linux-x86_64-fedora-clang 1.0 58.23 NOTE
r-devel-linux-x86_64-fedora-gcc 1.0 53.56 NOTE
r-devel-macos-arm64 1.0 23.00 NOTE
r-devel-macos-x86_64 1.0 44.00 NOTE
r-devel-windows-x86_64 1.0 3.00 70.00 73.00 NOTE
r-patched-linux-x86_64 1.0 2.73 29.22 31.95 NOTE
r-release-linux-x86_64 1.0 2.22 29.43 31.65 NOTE
r-release-macos-arm64 1.0 24.00 NOTE
r-release-macos-x86_64 1.0 36.00 NOTE
r-release-windows-x86_64 1.0 4.00 72.00 76.00 NOTE
r-oldrel-macos-arm64 1.0 25.00 OK
r-oldrel-macos-x86_64 1.0 37.00 OK
r-oldrel-windows-x86_64 1.0 5.00 63.00 68.00 OK

Check Details

Version: 1.0
Check: Rd files
Result: NOTE checkRd: (-1) HierarchicalClust.Rd:32: Lost braces in \itemize; \value handles \item{}{} directly checkRd: (-1) HierarchicalSC.Rd:29: Lost braces in \itemize; \value handles \item{}{} directly checkRd: (-1) HierarchicalSC.Rd:30: Lost braces in \itemize; \value handles \item{}{} directly checkRd: (-1) HierarchicalSC.Rd:31: Lost braces in \itemize; \value handles \item{}{} directly checkRd: (-1) MSC.Rd:47: Lost braces in \itemize; \value handles \item{}{} directly checkRd: (-1) MSC.Rd:48: Lost braces in \itemize; \value handles \item{}{} directly checkRd: (-1) MSC.Rd:49: Lost braces in \itemize; \value handles \item{}{} directly checkRd: (-1) PeronaFreemanSC.Rd:19: Lost braces in \itemize; \value handles \item{}{} directly checkRd: (-1) PeronaFreemanSC.Rd:20: Lost braces in \itemize; \value handles \item{}{} directly checkRd: (-1) PeronaFreemanSC.Rd:21: Lost braces in \itemize; \value handles \item{}{} directly checkRd: (-1) ShiMalikSC.Rd:19: Lost braces in \itemize; \value handles \item{}{} directly checkRd: (-1) ShiMalikSC.Rd:20: Lost braces in \itemize; \value handles \item{}{} directly checkRd: (-1) ShiMalikSC.Rd:21: Lost braces in \itemize; \value handles \item{}{} directly checkRd: (-1) UnormalizedSC.Rd:21: Lost braces in \itemize; \value handles \item{}{} directly checkRd: (-1) UnormalizedSC.Rd:22: Lost braces in \itemize; \value handles \item{}{} directly checkRd: (-1) UnormalizedSC.Rd:23: Lost braces in \itemize; \value handles \item{}{} directly checkRd: (-1) VonLuxburgSC.Rd:21: Lost braces in \itemize; \value handles \item{}{} directly checkRd: (-1) VonLuxburgSC.Rd:22: Lost braces in \itemize; \value handles \item{}{} directly checkRd: (-1) VonLuxburgSC.Rd:23: Lost braces in \itemize; \value handles \item{}{} directly checkRd: (-1) compute.laplacian.NJW.Rd:17: Lost braces in \itemize; \value handles \item{}{} directly checkRd: (-1) compute.laplacian.NJW.Rd:18: Lost braces in \itemize; \value handles \item{}{} directly checkRd: (-1) compute.laplacian.NJW.Rd:19: Lost braces in \itemize; \value handles \item{}{} directly checkRd: (-1) fastClustering.Rd:35: Lost braces in \itemize; \value handles \item{}{} directly checkRd: (-1) fastClustering.Rd:36: Lost braces in \itemize; \value handles \item{}{} directly checkRd: (-1) fastClustering.Rd:37: Lost braces in \itemize; \value handles \item{}{} directly checkRd: (-1) fastClustering.Rd:38: Lost braces in \itemize; \value handles \item{}{} directly checkRd: (-1) fastClustering.Rd:39: Lost braces in \itemize; \value handles \item{}{} directly checkRd: (-1) recursClust.Rd:53: Lost braces in \itemize; \value handles \item{}{} directly checkRd: (-1) recursClust.Rd:54: Lost braces in \itemize; \value handles \item{}{} directly checkRd: (-1) recursClust.Rd:55: Lost braces in \itemize; \value handles \item{}{} directly checkRd: (-1) spectralPAM.Rd:21: Lost braces in \itemize; \value handles \item{}{} directly checkRd: (-1) spectralPAM.Rd:22: Lost braces in \itemize; \value handles \item{}{} directly checkRd: (-1) spectralPAM.Rd:23: Lost braces in \itemize; \value handles \item{}{} directly Flavors: r-devel-linux-x86_64-debian-clang, r-devel-linux-x86_64-debian-gcc, r-devel-linux-x86_64-fedora-clang, r-devel-linux-x86_64-fedora-gcc, r-devel-macos-arm64, r-devel-macos-x86_64, r-devel-windows-x86_64, r-patched-linux-x86_64, r-release-linux-x86_64, r-release-macos-arm64, r-release-macos-x86_64, r-release-windows-x86_64