Last updated on 2025-02-21 02:52:24 CET.
Flavor | Version | Tinstall | Tcheck | Ttotal | Status | Flags |
---|---|---|---|---|---|---|
r-devel-linux-x86_64-debian-clang | 1.2-1 | 10.64 | 76.12 | 86.76 | NOTE | |
r-devel-linux-x86_64-debian-gcc | 1.2-1 | 7.17 | 54.04 | 61.21 | NOTE | |
r-devel-linux-x86_64-fedora-clang | 1.2-1 | 135.50 | OK | |||
r-devel-linux-x86_64-fedora-gcc | 1.2-1 | 131.59 | OK | |||
r-devel-macos-arm64 | 1.2-1 | 50.00 | OK | |||
r-devel-macos-x86_64 | 1.2-1 | 77.00 | OK | |||
r-devel-windows-x86_64 | 1.2-1 | 10.00 | 89.00 | 99.00 | NOTE | |
r-patched-linux-x86_64 | 1.2-1 | 10.84 | 70.89 | 81.73 | OK | |
r-release-linux-x86_64 | 1.2-1 | 10.21 | 70.97 | 81.18 | OK | |
r-release-macos-arm64 | 1.2-1 | 55.00 | OK | |||
r-release-macos-x86_64 | 1.2-1 | 72.00 | OK | |||
r-release-windows-x86_64 | 1.2-1 | 11.00 | 83.00 | 94.00 | OK | |
r-oldrel-macos-arm64 | 1.2-1 | 49.00 | OK | |||
r-oldrel-macos-x86_64 | 1.2-1 | 81.00 | OK | |||
r-oldrel-windows-x86_64 | 1.2-1 | 14.00 | 100.00 | 114.00 | OK |
Version: 1.2-1
Check: Rd cross-references
Result: NOTE
Found the following Rd file(s) with Rd \link{} targets missing package
anchors:
mvrnormSeries.Rd: mvrnorm
Please provide package anchors for all Rd \link{} targets not in the
package itself and the base packages.
Flavors: r-devel-linux-x86_64-debian-clang, r-devel-linux-x86_64-debian-gcc, r-devel-windows-x86_64