Last updated on 2025-02-18 02:50:48 CET.
Flavor | Version | Tinstall | Tcheck | Ttotal | Status | Flags |
---|---|---|---|---|---|---|
r-devel-linux-x86_64-debian-clang | 1.2 | 8.94 | 44.78 | 53.72 | NOTE | |
r-devel-linux-x86_64-debian-gcc | 1.2 | 5.59 | 32.31 | 37.90 | NOTE | |
r-devel-linux-x86_64-fedora-clang | 1.2 | 89.97 | NOTE | |||
r-devel-linux-x86_64-fedora-gcc | 1.2 | 97.09 | NOTE | |||
r-devel-macos-arm64 | 1.2 | 32.00 | OK | |||
r-devel-macos-x86_64 | 1.2 | 60.00 | NOTE | |||
r-devel-windows-x86_64 | 1.2 | 8.00 | 73.00 | 81.00 | NOTE | |
r-patched-linux-x86_64 | 1.2 | 10.15 | 42.70 | 52.85 | OK | |
r-release-linux-x86_64 | 1.2 | 8.38 | 42.62 | 51.00 | OK | |
r-release-macos-arm64 | 1.2 | 52.00 | OK | |||
r-release-macos-x86_64 | 1.2 | 101.00 | OK | |||
r-release-windows-x86_64 | 1.2 | 8.00 | 69.00 | 77.00 | OK | |
r-oldrel-macos-arm64 | 1.2 | 53.00 | OK | |||
r-oldrel-macos-x86_64 | 1.2 | 97.00 | OK | |||
r-oldrel-windows-x86_64 | 1.2 | 8.00 | 94.00 | 102.00 | OK |
Version: 1.2
Check: DESCRIPTION meta-information
Result: NOTE
Missing dependency on R >= 4.1.0 because package code uses the pipe
|> or function shorthand \(...) syntax added in R 4.1.0.
File(s) using such syntax:
‘class-2-differential.r’ ‘dual-apply.r’ ‘dual-math.r’
‘dual-summary.r’ ‘dual-test-near-equality.r’ ‘dual.r’
Flavors: r-devel-linux-x86_64-debian-clang, r-devel-linux-x86_64-debian-gcc, r-devel-linux-x86_64-fedora-clang, r-devel-linux-x86_64-fedora-gcc, r-devel-macos-x86_64, r-devel-windows-x86_64