Last updated on 2024-05-21 14:57:23 CEST.
Flavor | Version | Tinstall | Tcheck | Ttotal | Status | Flags |
---|---|---|---|---|---|---|
r-devel-linux-x86_64-debian-clang | 1.0 | 1.87 | 34.20 | 36.07 | OK | |
r-devel-linux-x86_64-debian-gcc | 1.0 | 1.81 | 26.82 | 28.63 | OK | |
r-devel-linux-x86_64-fedora-clang | 1.0 | 48.24 | OK | |||
r-devel-linux-x86_64-fedora-gcc | 1.0 | 57.94 | OK | |||
r-devel-windows-x86_64 | 1.0 | 3.00 | 73.00 | 76.00 | OK | |
r-patched-linux-x86_64 | 1.0 | 2.17 | 33.23 | 35.40 | OK | |
r-release-linux-x86_64 | 1.0 | 2.27 | 33.67 | 35.94 | OK | |
r-release-macos-arm64 | 1.0 | 23.00 | OK | |||
r-release-windows-x86_64 | 1.0 | 3.00 | 62.00 | 65.00 | OK | |
r-oldrel-macos-arm64 | 1.0 | 27.00 | OK | |||
r-oldrel-macos-x86_64 | 1.0 | 34.00 | NOTE | |||
r-oldrel-windows-x86_64 | 1.0 | 3.00 | 58.00 | 61.00 | OK |
Version: 1.0
Check: package dependencies
Result: NOTE
Package suggested but not available for checking: ‘lme4’
Flavor: r-oldrel-macos-x86_64
Version: 1.0
Check: re-building of vignette outputs
Result: NOTE
Note: skipping ‘my-vignette.Rnw’ due to unavailable dependencies: 'lme4'
Flavor: r-oldrel-macos-x86_64