Last updated on 2025-02-21 02:52:24 CET.
Flavor | Version | Tinstall | Tcheck | Ttotal | Status | Flags |
---|---|---|---|---|---|---|
r-devel-linux-x86_64-debian-clang | 0.2.1 | 2.74 | 25.33 | 28.07 | NOTE | |
r-devel-linux-x86_64-debian-gcc | 0.2.1 | 1.95 | 19.73 | 21.68 | NOTE | |
r-devel-linux-x86_64-fedora-clang | 0.2.1 | 43.35 | OK | |||
r-devel-linux-x86_64-fedora-gcc | 0.2.1 | 42.57 | OK | |||
r-devel-macos-arm64 | 0.2.1 | 20.00 | OK | |||
r-devel-macos-x86_64 | 0.2.1 | 33.00 | OK | |||
r-devel-windows-x86_64 | 0.2.1 | 5.00 | 59.00 | 64.00 | NOTE | |
r-patched-linux-x86_64 | 0.2.1 | 8.39 | 24.14 | 32.53 | OK | |
r-release-linux-x86_64 | 0.2.1 | 2.69 | 24.37 | 27.06 | OK | |
r-release-macos-arm64 | 0.2.1 | 19.00 | OK | |||
r-release-macos-x86_64 | 0.2.1 | 26.00 | OK | |||
r-release-windows-x86_64 | 0.2.1 | 4.00 | 47.00 | 51.00 | OK | |
r-oldrel-macos-arm64 | 0.2.1 | 19.00 | OK | |||
r-oldrel-macos-x86_64 | 0.2.1 | 27.00 | OK | |||
r-oldrel-windows-x86_64 | 0.2.1 | 5.00 | 76.00 | 81.00 | OK |
Version: 0.2.1
Check: Rd cross-references
Result: NOTE
Found the following Rd file(s) with Rd \link{} targets missing package
anchors:
get_RuleBook.Rd: RLumModel-package
measure_SAR_OSL.Rd: RLumModel-package
set_Rule.Rd: RLumModel-package
Please provide package anchors for all Rd \link{} targets not in the
package itself and the base packages.
Flavors: r-devel-linux-x86_64-debian-clang, r-devel-linux-x86_64-debian-gcc, r-devel-windows-x86_64