Last updated on 2025-02-21 02:52:24 CET.
Flavor | Version | Tinstall | Tcheck | Ttotal | Status | Flags |
---|---|---|---|---|---|---|
r-devel-linux-x86_64-debian-clang | 1.1.1 | 18.15 | 41.03 | 59.18 | OK | |
r-devel-linux-x86_64-debian-gcc | 1.1.1 | 13.52 | 29.23 | 42.75 | OK | |
r-devel-linux-x86_64-fedora-clang | 1.1.1 | 102.69 | NOTE | |||
r-devel-linux-x86_64-fedora-gcc | 1.1.1 | 98.30 | NOTE | |||
r-devel-macos-arm64 | 1.1.1 | 25.00 | OK | |||
r-devel-macos-x86_64 | 1.1.1 | 51.00 | OK | |||
r-devel-windows-x86_64 | 1.1.1 | 18.00 | 81.00 | 99.00 | OK | |
r-patched-linux-x86_64 | 1.1.1 | 19.60 | 38.40 | 58.00 | OK | |
r-release-linux-x86_64 | 1.1.1 | 18.83 | 38.61 | 57.44 | OK | |
r-release-macos-arm64 | 1.1.1 | 26.00 | OK | |||
r-release-macos-x86_64 | 1.1.1 | 43.00 | OK | |||
r-release-windows-x86_64 | 1.1.1 | 21.00 | 75.00 | 96.00 | OK | |
r-oldrel-macos-arm64 | 1.1.1 | 33.00 | OK | |||
r-oldrel-macos-x86_64 | 1.1.1 | 49.00 | OK | |||
r-oldrel-windows-x86_64 | 1.1.1 | 26.00 | 81.00 | 107.00 | OK |
Version: 1.1.1
Check: compiled code
Result: NOTE
File ‘saturnin/libs/saturnin.so’:
Found no calls to: ‘R_registerRoutines’, ‘R_useDynamicSymbols’
It is good practice to register native routines and to disable symbol
search.
See ‘Writing portable packages’ in the ‘Writing R Extensions’ manual.
Flavors: r-devel-linux-x86_64-fedora-clang, r-devel-linux-x86_64-fedora-gcc