Last updated on 2025-02-21 02:52:24 CET.
Flavor | Version | Tinstall | Tcheck | Ttotal | Status | Flags |
---|---|---|---|---|---|---|
r-devel-linux-x86_64-debian-clang | 1.0.5 | 21.55 | 122.09 | 143.64 | OK | |
r-devel-linux-x86_64-debian-gcc | 1.0.5 | 17.26 | 89.09 | 106.35 | OK | |
r-devel-linux-x86_64-fedora-clang | 1.0.5 | 233.00 | OK | |||
r-devel-linux-x86_64-fedora-gcc | 1.0.5 | 237.94 | OK | |||
r-devel-macos-arm64 | 1.0.5 | 74.00 | OK | |||
r-devel-macos-x86_64 | 1.0.5 | 164.00 | OK | |||
r-devel-windows-x86_64 | 1.0.5 | 23.00 | 123.00 | 146.00 | OK | |
r-patched-linux-x86_64 | 1.0.5 | 23.79 | 114.48 | 138.27 | OK | |
r-release-linux-x86_64 | 1.0.5 | 20.42 | 113.71 | 134.13 | OK | |
r-release-macos-arm64 | 1.0.5 | 75.00 | NOTE | |||
r-release-macos-x86_64 | 1.0.5 | 221.00 | NOTE | |||
r-release-windows-x86_64 | 1.0.5 | 25.00 | 118.00 | 143.00 | OK | |
r-oldrel-macos-arm64 | 1.0.5 | 80.00 | NOTE | |||
r-oldrel-macos-x86_64 | 1.0.5 | 155.00 | NOTE | |||
r-oldrel-windows-x86_64 | 1.0.5 | 32.00 | 145.00 | 177.00 | OK |
Version: 1.0.5
Check: installed package size
Result: NOTE
installed size is 5.2Mb
sub-directories of 1Mb or more:
data 2.7Mb
doc 2.3Mb
Flavors: r-release-macos-arm64, r-release-macos-x86_64, r-oldrel-macos-arm64, r-oldrel-macos-x86_64