Last updated on 2025-02-21 02:52:24 CET.
Flavor | Version | Tinstall | Tcheck | Ttotal | Status | Flags |
---|---|---|---|---|---|---|
r-devel-linux-x86_64-debian-clang | 3.0.1 | 42.70 | 295.56 | 338.26 | OK | |
r-devel-linux-x86_64-debian-gcc | 3.0.1 | 25.85 | 192.10 | 217.95 | OK | |
r-devel-linux-x86_64-fedora-clang | 3.0.1 | 536.19 | OK | |||
r-devel-linux-x86_64-fedora-gcc | 3.0.1 | 544.22 | OK | |||
r-devel-macos-arm64 | 3.0.1 | 136.00 | OK | |||
r-devel-macos-x86_64 | 3.0.1 | 373.00 | OK | |||
r-devel-windows-x86_64 | 3.0.1 | 39.00 | 321.00 | 360.00 | OK | |
r-patched-linux-x86_64 | 3.0.1 | 40.14 | 271.73 | 311.87 | OK | |
r-release-linux-x86_64 | 3.0.1 | 43.04 | 273.46 | 316.50 | OK | |
r-release-macos-arm64 | 3.0.1 | 124.00 | OK | |||
r-release-macos-x86_64 | 3.0.1 | 229.00 | OK | |||
r-release-windows-x86_64 | 3.0.1 | 41.00 | 316.00 | 357.00 | OK | |
r-oldrel-macos-arm64 | 3.0.1 | 132.00 | NOTE | |||
r-oldrel-macos-x86_64 | 3.0.1 | 232.00 | NOTE | |||
r-oldrel-windows-x86_64 | 3.0.1 | 57.00 | 390.00 | 447.00 | OK |
Version: 3.0.1
Check: package dependencies
Result: NOTE
Packages suggested but not available for checking:
'dittoSeq', 'DropletUtils', 'Nebulosa'
Flavors: r-oldrel-macos-arm64, r-oldrel-macos-x86_64
Version: 3.0.1
Check: Rd cross-references
Result: NOTE
Packages unavailable to check Rd xrefs: ‘DropletUtils’, ‘Nebulosa’
Flavors: r-oldrel-macos-arm64, r-oldrel-macos-x86_64