Last updated on 2025-02-21 02:52:24 CET.
Flavor | Version | Tinstall | Tcheck | Ttotal | Status | Flags |
---|---|---|---|---|---|---|
r-devel-linux-x86_64-debian-clang | 0.1.1 | 10.44 | 136.85 | 147.29 | OK | |
r-devel-linux-x86_64-debian-gcc | 0.1.1 | 7.26 | 93.57 | 100.83 | OK | |
r-devel-linux-x86_64-fedora-clang | 0.1.1 | 229.06 | OK | |||
r-devel-linux-x86_64-fedora-gcc | 0.1.1 | 236.06 | OK | |||
r-devel-macos-arm64 | 0.1.1 | 73.00 | OK | |||
r-devel-macos-x86_64 | 0.1.1 | 164.00 | OK | |||
r-devel-windows-x86_64 | 0.1.1 | 12.00 | 137.00 | 149.00 | OK | |
r-patched-linux-x86_64 | 0.1.1 | 8.07 | 127.17 | 135.24 | NOTE | |
r-release-linux-x86_64 | 0.1.1 | 9.32 | 125.44 | 134.76 | NOTE | |
r-release-macos-arm64 | 0.1.1 | 61.00 | NOTE | |||
r-release-macos-x86_64 | 0.1.1 | 91.00 | NOTE | |||
r-release-windows-x86_64 | 0.1.1 | 11.00 | 136.00 | 147.00 | NOTE | |
r-oldrel-macos-arm64 | 0.1.1 | 65.00 | NOTE | |||
r-oldrel-macos-x86_64 | 0.1.1 | 110.00 | NOTE | |||
r-oldrel-windows-x86_64 | 0.1.1 | 15.00 | 164.00 | 179.00 | NOTE |
Version: 0.1.1
Check: LazyData
Result: NOTE
'LazyData' is specified without a 'data' directory
Flavors: r-patched-linux-x86_64, r-release-linux-x86_64, r-release-macos-arm64, r-release-macos-x86_64, r-release-windows-x86_64, r-oldrel-macos-arm64, r-oldrel-macos-x86_64, r-oldrel-windows-x86_64