Last updated on 2025-02-21 02:52:24 CET.
Flavor | Version | Tinstall | Tcheck | Ttotal | Status | Flags |
---|---|---|---|---|---|---|
r-devel-linux-x86_64-debian-clang | 1.0.0 | 32.82 | 746.40 | 779.22 | OK | |
r-devel-linux-x86_64-debian-gcc | 1.0.0 | 22.49 | 650.97 | 673.46 | OK | |
r-devel-linux-x86_64-fedora-clang | 1.0.0 | 1176.42 | OK | |||
r-devel-linux-x86_64-fedora-gcc | 1.0.0 | 1426.82 | OK | |||
r-devel-macos-arm64 | 1.0.0 | 403.00 | OK | |||
r-devel-macos-x86_64 | 1.0.0 | 613.00 | OK | |||
r-devel-windows-x86_64 | 1.0.0 | 30.00 | 478.00 | 508.00 | OK | |
r-patched-linux-x86_64 | 1.0.0 | 30.83 | 1074.44 | 1105.27 | OK | |
r-release-linux-x86_64 | 1.0.0 | 31.79 | 1082.51 | 1114.30 | OK | |
r-release-macos-arm64 | 1.0.0 | 227.00 | NOTE | |||
r-release-macos-x86_64 | 1.0.0 | 373.00 | OK | |||
r-release-windows-x86_64 | 1.0.0 | 31.00 | 463.00 | 494.00 | OK | |
r-oldrel-macos-arm64 | 1.0.0 | 234.00 | NOTE | |||
r-oldrel-macos-x86_64 | 1.0.0 | 700.00 | NOTE | |||
r-oldrel-windows-x86_64 | 1.0.0 | 45.00 | 587.00 | 632.00 | OK |
Version: 1.0.0
Check: package dependencies
Result: NOTE
Package suggested but not available for checking: ‘SingleCellSignalR’
Flavor: r-release-macos-arm64
Version: 1.0.0
Check: package dependencies
Result: NOTE
Packages suggested but not available for checking:
'ontoProc', 'rrvgo', 'SingleCellSignalR'
Flavors: r-oldrel-macos-arm64, r-oldrel-macos-x86_64