Last updated on 2025-05-13 14:50:35 CEST.
Flavor | Version | Tinstall | Tcheck | Ttotal | Status | Flags |
---|---|---|---|---|---|---|
r-devel-linux-x86_64-debian-clang | 0.1.0 | 5.36 | 54.39 | 59.75 | OK | |
r-devel-linux-x86_64-debian-gcc | 0.1.0 | 3.20 | 37.59 | 40.79 | OK | |
r-devel-linux-x86_64-fedora-clang | 0.1.0 | 92.32 | OK | |||
r-devel-linux-x86_64-fedora-gcc | 0.1.0 | 83.81 | OK | |||
r-devel-windows-x86_64 | 0.1.0 | 6.00 | 64.00 | 70.00 | OK | |
r-patched-linux-x86_64 | 0.1.0 | 5.44 | 49.77 | 55.21 | OK | |
r-release-linux-x86_64 | 0.1.0 | 4.92 | 48.10 | 53.02 | OK | |
r-release-macos-arm64 | 0.1.0 | 28.00 | OK | |||
r-release-macos-x86_64 | 0.1.0 | 77.00 | OK | |||
r-release-windows-x86_64 | 0.1.0 | 6.00 | 64.00 | 70.00 | OK | |
r-oldrel-macos-arm64 | 0.1.0 | 25.00 | NOTE | |||
r-oldrel-macos-x86_64 | 0.1.0 | 38.00 | NOTE | |||
r-oldrel-windows-x86_64 | 0.1.0 | 8.00 | 78.00 | 86.00 | NOTE |
Version: 0.1.0
Check: LazyData
Result: NOTE
'LazyData' is specified without a 'data' directory
Flavors: r-oldrel-macos-arm64, r-oldrel-macos-x86_64, r-oldrel-windows-x86_64