Last updated on 2025-02-21 02:52:24 CET.
Flavor | Version | Tinstall | Tcheck | Ttotal | Status | Flags |
---|---|---|---|---|---|---|
r-devel-linux-x86_64-debian-clang | 1.1-4 | 9.44 | 83.58 | 93.02 | NOTE | |
r-devel-linux-x86_64-debian-gcc | 1.1-4 | 6.74 | 57.15 | 63.89 | NOTE | |
r-devel-linux-x86_64-fedora-clang | 1.1-4 | 142.80 | NOTE | |||
r-devel-linux-x86_64-fedora-gcc | 1.1-4 | 149.09 | NOTE | |||
r-devel-macos-arm64 | 1.1-4 | 50.00 | NOTE | |||
r-devel-macos-x86_64 | 1.1-4 | 91.00 | NOTE | |||
r-devel-windows-x86_64 | 1.1-4 | 12.00 | 95.00 | 107.00 | NOTE | |
r-patched-linux-x86_64 | 1.1-4 | 10.01 | 77.11 | 87.12 | NOTE | |
r-release-linux-x86_64 | 1.1-4 | 9.11 | 76.13 | 85.24 | NOTE | |
r-release-macos-arm64 | 1.1-4 | 48.00 | NOTE | |||
r-release-macos-x86_64 | 1.1-4 | 74.00 | NOTE | |||
r-release-windows-x86_64 | 1.1-4 | 11.00 | 93.00 | 104.00 | NOTE | |
r-oldrel-macos-arm64 | 1.1-4 | 51.00 | OK | |||
r-oldrel-macos-x86_64 | 1.1-4 | 96.00 | OK | |||
r-oldrel-windows-x86_64 | 1.1-4 | 13.00 | 115.00 | 128.00 | OK |
Version: 1.1-4
Check: Rd files
Result: NOTE
checkRd: (-1) get.events.Rd:51: Lost braces
51 | code{\link[deSolve]{events}}
| ^
Flavors: r-devel-linux-x86_64-debian-clang, r-devel-linux-x86_64-debian-gcc, r-devel-linux-x86_64-fedora-clang, r-devel-linux-x86_64-fedora-gcc, r-devel-macos-arm64, r-devel-macos-x86_64, r-devel-windows-x86_64, r-patched-linux-x86_64, r-release-linux-x86_64, r-release-macos-arm64, r-release-macos-x86_64, r-release-windows-x86_64