Last updated on 2025-02-21 02:52:24 CET.
Flavor | Version | Tinstall | Tcheck | Ttotal | Status | Flags |
---|---|---|---|---|---|---|
r-devel-linux-x86_64-debian-clang | 0.7.3 | 7.38 | 122.08 | 129.46 | NOTE | |
r-devel-linux-x86_64-debian-gcc | 0.7.3 | 4.57 | 81.58 | 86.15 | NOTE | |
r-devel-linux-x86_64-fedora-clang | 0.7.3 | 204.55 | OK | |||
r-devel-linux-x86_64-fedora-gcc | 0.7.3 | 208.14 | OK | |||
r-devel-macos-arm64 | 0.7.3 | 60.00 | OK | |||
r-devel-macos-x86_64 | 0.7.3 | 148.00 | OK | |||
r-devel-windows-x86_64 | 0.7.3 | 11.00 | 141.00 | 152.00 | OK | |
r-patched-linux-x86_64 | 0.7.3 | 8.27 | 113.82 | 122.09 | OK | |
r-release-linux-x86_64 | 0.7.3 | 7.41 | 113.96 | 121.37 | OK | |
r-release-macos-arm64 | 0.7.3 | 66.00 | OK | |||
r-release-macos-x86_64 | 0.7.3 | 98.00 | OK | |||
r-release-windows-x86_64 | 0.7.3 | 9.00 | 134.00 | 143.00 | OK | |
r-oldrel-macos-arm64 | 0.7.3 | 67.00 | OK | |||
r-oldrel-macos-x86_64 | 0.7.3 | 156.00 | OK | |||
r-oldrel-windows-x86_64 | 0.7.3 | 12.00 | 156.00 | 168.00 | OK |
Version: 0.7.3
Check: for unstated dependencies in ‘demo’
Result: NOTE
'library' or 'require' calls not declared from:
‘doSNOW’ ‘foreach’ ‘iterators’ ‘reshape’ ‘rlecuyer’ ‘snow’
Flavors: r-devel-linux-x86_64-debian-clang, r-devel-linux-x86_64-debian-gcc