CRAN Package Check Results for Package scientoText

Last updated on 2025-02-20 14:51:08 CET.

Flavor Version Tinstall Tcheck Ttotal Status Flags
r-devel-linux-x86_64-debian-clang 0.1 3.83 30.70 34.53 OK
r-devel-linux-x86_64-debian-gcc 0.1 2.91 23.52 26.43 OK
r-devel-linux-x86_64-fedora-clang 0.1 55.24 OK
r-devel-linux-x86_64-fedora-gcc 0.1 56.02 OK
r-devel-macos-arm64 0.1 22.00 OK
r-devel-macos-x86_64 0.1 36.00 OK
r-devel-windows-x86_64 0.1 5.00 50.00 55.00 OK
r-patched-linux-x86_64 0.1 4.21 29.33 33.54 NOTE
r-release-linux-x86_64 0.1 3.79 29.06 32.85 NOTE
r-release-macos-arm64 0.1 21.00 NOTE
r-release-macos-x86_64 0.1 30.00 NOTE
r-release-windows-x86_64 0.1 5.00 51.00 56.00 NOTE
r-oldrel-macos-arm64 0.1 20.00 NOTE
r-oldrel-macos-x86_64 0.1 30.00 NOTE
r-oldrel-windows-x86_64 0.1 7.00 55.00 62.00 NOTE

Check Details

Version: 0.1
Check: LazyData
Result: NOTE 'LazyData' is specified without a 'data' directory Flavors: r-patched-linux-x86_64, r-release-linux-x86_64, r-release-macos-arm64, r-release-macos-x86_64, r-release-windows-x86_64, r-oldrel-macos-arm64, r-oldrel-macos-x86_64, r-oldrel-windows-x86_64