Last updated on 2025-02-20 14:51:08 CET.
Flavor | Version | Tinstall | Tcheck | Ttotal | Status | Flags |
---|---|---|---|---|---|---|
r-devel-linux-x86_64-debian-clang | 1.2.0 | 34.36 | 106.48 | 140.84 | OK | |
r-devel-linux-x86_64-debian-gcc | 1.2.0 | 26.57 | 75.53 | 102.10 | OK | |
r-devel-linux-x86_64-fedora-clang | 1.2.0 | 230.05 | NOTE | |||
r-devel-linux-x86_64-fedora-gcc | 1.2.0 | 223.92 | NOTE | |||
r-devel-macos-arm64 | 1.2.0 | 55.00 | OK | |||
r-devel-macos-x86_64 | 1.2.0 | 132.00 | OK | |||
r-devel-windows-x86_64 | 1.2.0 | 43.00 | 134.00 | 177.00 | OK | |
r-patched-linux-x86_64 | 1.2.0 | 33.60 | 98.26 | 131.86 | NOTE | |
r-release-linux-x86_64 | 1.2.0 | 33.71 | 98.06 | 131.77 | NOTE | |
r-release-macos-arm64 | 1.2.0 | 39.00 | NOTE | |||
r-release-macos-x86_64 | 1.2.0 | 66.00 | NOTE | |||
r-release-windows-x86_64 | 1.2.0 | 40.00 | 125.00 | 165.00 | NOTE | |
r-oldrel-macos-arm64 | 1.2.0 | 69.00 | NOTE | |||
r-oldrel-macos-x86_64 | 1.2.0 | 147.00 | NOTE | |||
r-oldrel-windows-x86_64 | 1.2.0 | 52.00 | 178.00 | 230.00 | NOTE |
Version: 1.2.0
Check: dependencies in R code
Result: NOTE
Namespace in Imports field not imported from: ‘Rcpp’
All declared Imports should be used.
Flavors: r-devel-linux-x86_64-fedora-clang, r-devel-linux-x86_64-fedora-gcc
Version: 1.2.0
Check: for GNU extensions in Makefiles
Result: NOTE
GNU make is a SystemRequirements.
Flavors: r-patched-linux-x86_64, r-release-linux-x86_64, r-release-macos-arm64, r-release-macos-x86_64, r-release-windows-x86_64, r-oldrel-macos-arm64, r-oldrel-macos-x86_64, r-oldrel-windows-x86_64