Last updated on 2025-02-21 02:52:24 CET.
Flavor | Version | Tinstall | Tcheck | Ttotal | Status | Flags |
---|---|---|---|---|---|---|
r-devel-linux-x86_64-debian-clang | 0.3.1 | 5.25 | 69.76 | 75.01 | NOTE | |
r-devel-linux-x86_64-debian-gcc | 0.3.1 | 3.41 | 47.94 | 51.35 | NOTE | |
r-devel-linux-x86_64-fedora-clang | 0.3.1 | 122.74 | OK | |||
r-devel-linux-x86_64-fedora-gcc | 0.3.1 | 131.88 | OK | |||
r-devel-macos-arm64 | 0.3.1 | 55.00 | OK | |||
r-devel-macos-x86_64 | 0.3.1 | 103.00 | OK | |||
r-devel-windows-x86_64 | 0.3.1 | 5.00 | 98.00 | 103.00 | NOTE | |
r-patched-linux-x86_64 | 0.3.1 | 10.96 | 67.16 | 78.12 | OK | |
r-release-linux-x86_64 | 0.3.1 | 4.23 | 65.29 | 69.52 | OK | |
r-release-macos-arm64 | 0.3.1 | 45.00 | OK | |||
r-release-macos-x86_64 | 0.3.1 | 79.00 | OK | |||
r-release-windows-x86_64 | 0.3.1 | 6.00 | 97.00 | 103.00 | OK | |
r-oldrel-macos-arm64 | 0.3.1 | 48.00 | OK | |||
r-oldrel-macos-x86_64 | 0.3.1 | 91.00 | OK | |||
r-oldrel-windows-x86_64 | 0.3.1 | 8.00 | 113.00 | 121.00 | OK |
Version: 0.3.1
Check: Rd cross-references
Result: NOTE
Found the following Rd file(s) with Rd \link{} targets missing package
anchors:
sclr.Rd: broom
Please provide package anchors for all Rd \link{} targets not in the
package itself and the base packages.
Flavors: r-devel-linux-x86_64-debian-clang, r-devel-linux-x86_64-debian-gcc, r-devel-windows-x86_64