Last updated on 2025-02-21 02:52:24 CET.
Flavor | Version | Tinstall | Tcheck | Ttotal | Status | Flags |
---|---|---|---|---|---|---|
r-devel-linux-x86_64-debian-clang | 1.0.4 | 3.66 | 22.11 | 25.77 | OK | |
r-devel-linux-x86_64-debian-gcc | 1.0.4 | 2.35 | 17.92 | 20.27 | OK | |
r-devel-linux-x86_64-fedora-clang | 1.0.4 | 41.26 | NOTE | |||
r-devel-linux-x86_64-fedora-gcc | 1.0.4 | 40.21 | NOTE | |||
r-devel-macos-arm64 | 1.0.4 | 17.00 | OK | |||
r-devel-macos-x86_64 | 1.0.4 | 33.00 | OK | |||
r-devel-windows-x86_64 | 1.0.4 | 5.00 | 49.00 | 54.00 | OK | |
r-patched-linux-x86_64 | 1.0.4 | 3.29 | 21.86 | 25.15 | OK | |
r-release-linux-x86_64 | 1.0.4 | 3.00 | 21.64 | 24.64 | OK | |
r-release-macos-arm64 | 1.0.4 | 17.00 | OK | |||
r-release-macos-x86_64 | 1.0.4 | 31.00 | OK | |||
r-release-windows-x86_64 | 1.0.4 | 5.00 | 45.00 | 50.00 | OK | |
r-oldrel-macos-arm64 | 1.0.4 | 19.00 | OK | |||
r-oldrel-macos-x86_64 | 1.0.4 | 24.00 | OK | |||
r-oldrel-windows-x86_64 | 1.0.4 | 5.00 | 47.00 | 52.00 | OK |
Version: 1.0.4
Check: compiled code
Result: NOTE
File ‘scout/libs/scout.so’:
Found no calls to: ‘R_registerRoutines’, ‘R_useDynamicSymbols’
It is good practice to register native routines and to disable symbol
search.
See ‘Writing portable packages’ in the ‘Writing R Extensions’ manual.
Flavors: r-devel-linux-x86_64-fedora-clang, r-devel-linux-x86_64-fedora-gcc