Last updated on 2025-05-14 14:50:06 CEST.
Flavor | Version | Tinstall | Tcheck | Ttotal | Status | Flags |
---|---|---|---|---|---|---|
r-devel-linux-x86_64-debian-clang | 1.2 | 1.90 | 19.98 | 21.88 | NOTE | |
r-devel-linux-x86_64-debian-gcc | 1.2 | 1.42 | 16.23 | 17.65 | NOTE | |
r-devel-linux-x86_64-fedora-clang | 1.2 | 34.27 | OK | |||
r-devel-linux-x86_64-fedora-gcc | 1.2 | 31.79 | OK | |||
r-devel-windows-x86_64 | 1.2 | 3.00 | 39.00 | 42.00 | OK | |
r-patched-linux-x86_64 | 1.2 | 1.77 | 18.93 | 20.70 | OK | |
r-release-linux-x86_64 | 1.2 | 1.83 | 19.25 | 21.08 | OK | |
r-release-macos-arm64 | 1.2 | 17.00 | OK | |||
r-release-macos-x86_64 | 1.2 | 25.00 | OK | |||
r-release-windows-x86_64 | 1.2 | 3.00 | 41.00 | 44.00 | OK | |
r-oldrel-macos-arm64 | 1.2 | 13.00 | OK | |||
r-oldrel-macos-x86_64 | 1.2 | 21.00 | OK | |||
r-oldrel-windows-x86_64 | 1.2 | 4.00 | 45.00 | 49.00 | OK |
Version: 1.2
Check: CRAN incoming feasibility
Result: NOTE
Maintainer: ‘Julien Boelaert <jubo.stats@gmail.com>’
No Authors@R field in DESCRIPTION.
Please add one, modifying
Authors@R: person(given = "Julien",
family = "Boelaert",
role = c("aut", "cre"),
email = "jubo.stats@gmail.com")
as necessary.
Flavors: r-devel-linux-x86_64-debian-clang, r-devel-linux-x86_64-debian-gcc