CRAN Package Check Results for Package scrappy

Last updated on 2025-02-16 14:50:45 CET.

Flavor Version Tinstall Tcheck Ttotal Status Flags
r-devel-linux-x86_64-debian-clang 0.0.1 1.25 16.87 18.12 OK
r-devel-linux-x86_64-debian-gcc 0.0.1 1.40 13.63 15.03 OK
r-devel-linux-x86_64-fedora-clang 0.0.1 30.09 OK
r-devel-linux-x86_64-fedora-gcc 0.0.1 28.59 OK
r-devel-macos-arm64 0.0.1 15.00 OK
r-devel-macos-x86_64 0.0.1 23.00 OK
r-devel-windows-x86_64 0.0.1 3.00 39.00 42.00 OK
r-patched-linux-x86_64 0.0.1 1.71 16.27 17.98 NOTE
r-release-linux-x86_64 0.0.1 1.54 16.22 17.76 NOTE
r-release-macos-arm64 0.0.1 13.00 NOTE
r-release-macos-x86_64 0.0.1 19.00 NOTE
r-release-windows-x86_64 0.0.1 4.00 41.00 45.00 NOTE
r-oldrel-macos-arm64 0.0.1 15.00 NOTE
r-oldrel-macos-x86_64 0.0.1 18.00 NOTE
r-oldrel-windows-x86_64 0.0.1 4.00 40.00 44.00 NOTE

Check Details

Version: 0.0.1
Check: LazyData
Result: NOTE 'LazyData' is specified without a 'data' directory Flavors: r-patched-linux-x86_64, r-release-linux-x86_64, r-release-macos-arm64, r-release-macos-x86_64, r-release-windows-x86_64, r-oldrel-macos-arm64, r-oldrel-macos-x86_64, r-oldrel-windows-x86_64