Last updated on 2024-05-11 14:48:23 CEST.
Flavor | Version | Tinstall | Tcheck | Ttotal | Status | Flags |
---|---|---|---|---|---|---|
r-devel-linux-x86_64-debian-clang | 3.2.4 | 10.13 | 26.52 | 36.65 | NOTE | |
r-devel-linux-x86_64-debian-gcc | 3.2.4 | 11.25 | 20.02 | 31.27 | NOTE | |
r-devel-linux-x86_64-fedora-clang | 3.2.4 | 48.23 | NOTE | |||
r-devel-linux-x86_64-fedora-gcc | 3.2.4 | 61.34 | NOTE | |||
r-devel-windows-x86_64 | 3.2.4 | 30.00 | 45.00 | 75.00 | NOTE | |
r-patched-linux-x86_64 | 3.2.4 | 13.31 | 25.68 | 38.99 | NOTE | |
r-release-linux-x86_64 | 3.2.4 | 14.50 | 24.79 | 39.29 | NOTE | |
r-release-macos-arm64 | 3.2.4 | 20.00 | NOTE | |||
r-release-windows-x86_64 | 3.2.4 | 29.00 | 44.00 | 73.00 | NOTE | |
r-oldrel-macos-arm64 | 3.2.4 | 22.00 | NOTE | |||
r-oldrel-macos-x86_64 | 3.2.4 | 30.00 | NOTE | |||
r-oldrel-windows-x86_64 | 3.2.4 | 33.00 | 45.00 | 78.00 | NOTE |
Version: 3.2.4
Check: for GNU extensions in Makefiles
Result: NOTE
GNU make is a SystemRequirements.
Flavors: r-devel-linux-x86_64-debian-clang, r-devel-linux-x86_64-debian-gcc, r-devel-linux-x86_64-fedora-clang, r-devel-linux-x86_64-fedora-gcc, r-devel-windows-x86_64, r-patched-linux-x86_64, r-release-linux-x86_64, r-release-macos-arm64, r-release-windows-x86_64, r-oldrel-macos-arm64, r-oldrel-macos-x86_64, r-oldrel-windows-x86_64