Last updated on 2024-05-21 14:57:24 CEST.
Flavor | Version | Tinstall | Tcheck | Ttotal | Status | Flags |
---|---|---|---|---|---|---|
r-devel-linux-x86_64-debian-clang | 0.5.2 | 3.48 | 109.13 | 112.61 | OK | |
r-devel-linux-x86_64-debian-gcc | 0.5.2 | 2.83 | 85.10 | 87.93 | OK | |
r-devel-linux-x86_64-fedora-clang | 0.5.2 | 137.41 | OK | |||
r-devel-linux-x86_64-fedora-gcc | 0.5.2 | 145.51 | OK | |||
r-devel-windows-x86_64 | 0.5.2 | 4.00 | 109.00 | 113.00 | OK | |
r-patched-linux-x86_64 | 0.5.2 | 6.07 | 106.94 | 113.01 | OK | |
r-release-linux-x86_64 | 0.5.2 | 3.40 | 107.43 | 110.83 | OK | |
r-release-macos-arm64 | 0.5.2 | 47.00 | OK | |||
r-release-windows-x86_64 | 0.5.2 | 4.00 | 108.00 | 112.00 | OK | |
r-oldrel-macos-arm64 | 0.5.2 | 44.00 | ERROR | |||
r-oldrel-macos-x86_64 | 0.5.2 | 66.00 | ERROR | |||
r-oldrel-windows-x86_64 | 0.5.2 | 5.00 | 129.00 | 134.00 | OK |
Version: 0.5.2
Check: re-building of vignette outputs
Result: ERROR
Error(s) in re-building vignettes:
...
--- re-building ‘sdcSpatial.Rmd’ using rmarkdown
Quitting from lines 190-192 (sdcSpatial.Rmd)
Error: processing vignette 'sdcSpatial.Rmd' failed with diagnostics:
different crs
--- failed re-building ‘sdcSpatial.Rmd’
SUMMARY: processing the following file failed:
‘sdcSpatial.Rmd’
Error: Vignette re-building failed.
Execution halted
Flavor: r-oldrel-macos-arm64
Version: 0.5.2
Check: re-building of vignette outputs
Result: ERROR
Error(s) in re-building vignettes:
...
--- re-building ‘sdcSpatial.Rmd’ using rmarkdown
Pandoc is required to build R Markdown vignettes but not available. Please make sure it is installed.
Quitting from lines 190-192 (sdcSpatial.Rmd)
Error: processing vignette 'sdcSpatial.Rmd' failed with diagnostics:
different crs
--- failed re-building ‘sdcSpatial.Rmd’
SUMMARY: processing the following file failed:
‘sdcSpatial.Rmd’
Error: Vignette re-building failed.
Execution halted
Flavor: r-oldrel-macos-x86_64