Last updated on 2025-05-08 02:51:09 CEST.
Flavor | Version | Tinstall | Tcheck | Ttotal | Status | Flags |
---|---|---|---|---|---|---|
r-devel-linux-x86_64-debian-clang | 1.2-55 | 69.92 | 307.74 | 377.66 | OK | |
r-devel-linux-x86_64-debian-gcc | 1.2-55 | 39.82 | 192.80 | 232.62 | OK | |
r-devel-linux-x86_64-fedora-clang | 1.2-55 | 623.44 | OK | |||
r-devel-linux-x86_64-fedora-gcc | 1.2-55 | 603.91 | OK | |||
r-devel-windows-x86_64 | 1.2-55 | 60.00 | 239.00 | 299.00 | OK | |
r-patched-linux-x86_64 | 1.2-55 | 69.26 | 291.25 | 360.51 | OK | |
r-release-linux-x86_64 | 1.2-55 | 65.34 | 289.85 | 355.19 | OK | |
r-release-macos-arm64 | 1.2-55 | 153.00 | OK | |||
r-release-macos-x86_64 | 1.2-55 | 301.00 | OK | |||
r-release-windows-x86_64 | 1.2-55 | 58.00 | 241.00 | 299.00 | OK | |
r-oldrel-macos-arm64 | 1.2-55 | 122.00 | OK | |||
r-oldrel-macos-x86_64 | 1.2-55 | 375.00 | NOTE | |||
r-oldrel-windows-x86_64 | 1.2-55 | 84.00 | 334.00 | 418.00 | OK |
Version: 1.2-55
Check: installed package size
Result: NOTE
installed size is 5.3Mb
sub-directories of 1Mb or more:
R 3.0Mb
external 1.2Mb
Flavor: r-oldrel-macos-x86_64