Last updated on 2025-02-21 02:52:24 CET.
Flavor | Version | Tinstall | Tcheck | Ttotal | Status | Flags |
---|---|---|---|---|---|---|
r-devel-linux-x86_64-debian-clang | 0.6.0 | 232.74 | 231.15 | 463.89 | NOTE | |
r-devel-linux-x86_64-debian-gcc | 0.6.0 | 180.94 | 179.65 | 360.59 | NOTE | |
r-devel-linux-x86_64-fedora-clang | 0.6.0 | 680.80 | NOTE | |||
r-devel-linux-x86_64-fedora-gcc | 0.6.0 | 872.31 | NOTE | |||
r-devel-macos-arm64 | 0.6.0 | 193.00 | OK | |||
r-devel-macos-x86_64 | 0.6.0 | 439.00 | NOTE | |||
r-devel-windows-x86_64 | 0.6.0 | 195.00 | 278.00 | 473.00 | NOTE | |
r-patched-linux-x86_64 | 0.6.0 | 237.91 | 240.63 | 478.54 | OK | |
r-release-linux-x86_64 | 0.6.0 | 239.66 | 238.04 | 477.70 | OK | |
r-release-macos-arm64 | 0.6.0 | 201.00 | NOTE | |||
r-release-macos-x86_64 | 0.6.0 | 404.00 | NOTE | |||
r-release-windows-x86_64 | 0.6.0 | 199.00 | 284.00 | 483.00 | NOTE | |
r-oldrel-macos-arm64 | 0.6.0 | 185.00 | NOTE | |||
r-oldrel-macos-x86_64 | 0.6.0 | 400.00 | NOTE | |||
r-oldrel-windows-x86_64 | 0.6.0 | 287.00 | 348.00 | 635.00 | NOTE |
Version: 0.6.0
Check: DESCRIPTION meta-information
Result: NOTE
Missing dependency on R >= 4.1.0 because package code uses the pipe
|> or function shorthand \(...) syntax added in R 4.1.0.
File(s) using such syntax:
‘fit.R’
Flavors: r-devel-linux-x86_64-debian-clang, r-devel-linux-x86_64-debian-gcc, r-devel-linux-x86_64-fedora-clang, r-devel-linux-x86_64-fedora-gcc, r-devel-macos-x86_64, r-devel-windows-x86_64
Version: 0.6.0
Check: installed package size
Result: NOTE
installed size is 87.8Mb
sub-directories of 1Mb or more:
libs 85.9Mb
Flavors: r-release-macos-arm64, r-release-macos-x86_64, r-release-windows-x86_64, r-oldrel-macos-arm64, r-oldrel-macos-x86_64, r-oldrel-windows-x86_64