Last updated on 2025-02-20 14:51:09 CET.
Flavor | Version | Tinstall | Tcheck | Ttotal | Status | Flags |
---|---|---|---|---|---|---|
r-devel-linux-x86_64-debian-clang | 1.2 | 29.41 | 80.16 | 109.57 | NOTE | |
r-devel-linux-x86_64-debian-gcc | 1.2 | 20.61 | 57.72 | 78.33 | NOTE | |
r-devel-linux-x86_64-fedora-clang | 1.2 | 180.43 | OK | |||
r-devel-linux-x86_64-fedora-gcc | 1.2 | 168.74 | OK | |||
r-devel-macos-arm64 | 1.2 | 49.00 | OK | |||
r-devel-macos-x86_64 | 1.2 | 89.00 | OK | |||
r-devel-windows-x86_64 | 1.2 | 27.00 | 112.00 | 139.00 | NOTE | |
r-patched-linux-x86_64 | 1.2 | 27.88 | 75.52 | 103.40 | OK | |
r-release-linux-x86_64 | 1.2 | 25.30 | 75.45 | 100.75 | OK | |
r-release-macos-arm64 | 1.2 | 47.00 | OK | |||
r-release-macos-x86_64 | 1.2 | 68.00 | OK | |||
r-release-windows-x86_64 | 1.2 | 29.00 | 102.00 | 131.00 | OK | |
r-oldrel-macos-arm64 | 1.2 | 54.00 | OK | |||
r-oldrel-macos-x86_64 | 1.2 | 111.00 | OK | |||
r-oldrel-windows-x86_64 | 1.2 | 38.00 | 129.00 | 167.00 | OK |
Version: 1.2
Check: Rd cross-references
Result: NOTE
Found the following Rd file(s) with Rd \link{} targets missing package
anchors:
garch.seg-class.Rd: foreach
Please provide package anchors for all Rd \link{} targets not in the
package itself and the base packages.
Flavors: r-devel-linux-x86_64-debian-clang, r-devel-linux-x86_64-debian-gcc, r-devel-windows-x86_64