Last updated on 2025-02-18 14:53:37 CET.
Flavor | Version | Tinstall | Tcheck | Ttotal | Status | Flags |
---|---|---|---|---|---|---|
r-devel-linux-x86_64-debian-clang | 1.1.6 | 26.23 | 156.57 | 182.80 | NOTE | |
r-devel-linux-x86_64-debian-gcc | 1.1.6 | 13.22 | 106.74 | 119.96 | NOTE | |
r-devel-linux-x86_64-fedora-clang | 1.1.6 | 295.14 | OK | |||
r-devel-linux-x86_64-fedora-gcc | 1.1.6 | 269.60 | OK | |||
r-devel-macos-arm64 | 1.1.6 | 86.00 | OK | |||
r-devel-macos-x86_64 | 1.1.6 | 227.00 | OK | |||
r-devel-windows-x86_64 | 1.1.6 | 22.00 | 156.00 | 178.00 | NOTE | |
r-patched-linux-x86_64 | 1.1.6 | 27.69 | 148.18 | 175.87 | OK | |
r-release-linux-x86_64 | 1.1.6 | 23.39 | 145.52 | 168.91 | OK | |
r-release-macos-arm64 | 1.1.6 | 82.00 | OK | |||
r-release-macos-x86_64 | 1.1.6 | 126.00 | OK | |||
r-release-windows-x86_64 | 1.1.6 | 23.00 | 155.00 | 178.00 | OK | |
r-oldrel-macos-arm64 | 1.1.6 | 91.00 | OK | |||
r-oldrel-macos-x86_64 | 1.1.6 | 148.00 | OK | |||
r-oldrel-windows-x86_64 | 1.1.6 | 31.00 | 201.00 | 232.00 | OK |
Version: 1.1.6
Check: Rd cross-references
Result: NOTE
Found the following Rd file(s) with Rd \link{} targets missing package
anchors:
semPaths.Rd: qgraph.layout.fruchtermanreingold
Please provide package anchors for all Rd \link{} targets not in the
package itself and the base packages.
Flavors: r-devel-linux-x86_64-debian-clang, r-devel-linux-x86_64-debian-gcc, r-devel-windows-x86_64