Last updated on 2024-05-21 14:57:24 CEST.
Flavor | Version | Tinstall | Tcheck | Ttotal | Status | Flags |
---|---|---|---|---|---|---|
r-devel-linux-x86_64-debian-clang | 2.3.2 | 10.54 | 170.24 | 180.78 | OK | |
r-devel-linux-x86_64-debian-gcc | 2.3.2 | 7.13 | 120.75 | 127.88 | OK | |
r-devel-linux-x86_64-fedora-clang | 2.3.2 | 215.98 | NOTE | |||
r-devel-linux-x86_64-fedora-gcc | 2.3.2 | 244.19 | NOTE | |||
r-devel-windows-x86_64 | 2.3.2 | 10.00 | 305.00 | 315.00 | OK | |
r-patched-linux-x86_64 | 2.3.2 | 7.37 | 157.11 | 164.48 | OK | |
r-release-linux-x86_64 | 2.3.2 | 5.89 | 160.67 | 166.56 | OK | |
r-release-macos-arm64 | 2.3.2 | 146.00 | OK | |||
r-release-windows-x86_64 | 2.3.2 | 9.00 | 314.00 | 323.00 | OK | |
r-oldrel-macos-arm64 | 2.3.2 | 153.00 | OK | |||
r-oldrel-macos-x86_64 | 2.3.2 | 229.00 | NOTE | |||
r-oldrel-windows-x86_64 | 2.3.2 | 12.00 | 384.00 | 396.00 | OK |
Version: 2.3.2
Check: dependencies in R code
Result: NOTE
Namespaces in Imports field not imported from:
‘knitr’ ‘rmarkdown’ ‘webp’
All declared Imports should be used.
Flavors: r-devel-linux-x86_64-fedora-clang, r-devel-linux-x86_64-fedora-gcc
Version: 2.3.2
Check: package dependencies
Result: NOTE
Package which this enhances but not available for checking: ‘semPlot’
Flavor: r-oldrel-macos-x86_64