Last updated on 2025-05-15 02:50:21 CEST.
Flavor | Version | Tinstall | Tcheck | Ttotal | Status | Flags |
---|---|---|---|---|---|---|
r-devel-linux-x86_64-debian-clang | 0.2.2.0 | 34.74 | 286.34 | 321.08 | NOTE | |
r-devel-linux-x86_64-debian-gcc | 0.2.2.0 | 24.07 | 191.75 | 215.82 | NOTE | |
r-devel-linux-x86_64-fedora-clang | 0.2.2.0 | 531.09 | NOTE | |||
r-devel-linux-x86_64-fedora-gcc | 0.2.2.0 | 531.97 | NOTE | |||
r-devel-windows-x86_64 | 0.2.2.0 | 31.00 | 213.00 | 244.00 | NOTE | |
r-patched-linux-x86_64 | 0.2.2.0 | 35.30 | 269.63 | 304.93 | NOTE | |
r-release-linux-x86_64 | 0.2.2.0 | 29.85 | 270.41 | 300.26 | NOTE | |
r-release-macos-arm64 | 0.2.2.0 | 147.00 | NOTE | |||
r-release-macos-x86_64 | 0.2.2.0 | 237.00 | NOTE | |||
r-release-windows-x86_64 | 0.2.2.0 | 30.00 | 218.00 | 248.00 | NOTE | |
r-oldrel-macos-arm64 | 0.2.2.0 | 97.00 | OK | |||
r-oldrel-macos-x86_64 | 0.2.2.0 | 177.00 | OK | |||
r-oldrel-windows-x86_64 | 0.2.2.0 | 42.00 | 308.00 | 350.00 | OK |
Version: 0.2.2.0
Check: DESCRIPTION meta-information
Result: NOTE
Missing dependency on R >= 4.1.0 because package code uses the pipe
|> or function shorthand \(...) syntax added in R 4.1.0.
File(s) using such syntax:
‘st_transform_outline.R’
Flavors: r-devel-linux-x86_64-debian-clang, r-devel-linux-x86_64-debian-gcc, r-devel-linux-x86_64-fedora-clang, r-devel-linux-x86_64-fedora-gcc, r-devel-windows-x86_64, r-patched-linux-x86_64, r-release-linux-x86_64, r-release-macos-arm64, r-release-macos-x86_64, r-release-windows-x86_64