Last updated on 2025-02-16 14:50:45 CET.
Flavor | Version | Tinstall | Tcheck | Ttotal | Status | Flags |
---|---|---|---|---|---|---|
r-devel-linux-x86_64-debian-clang | 0.1.2 | 4.04 | 32.25 | 36.29 | OK | |
r-devel-linux-x86_64-debian-gcc | 0.1.2 | 2.84 | 25.39 | 28.23 | OK | |
r-devel-linux-x86_64-fedora-clang | 0.1.2 | 59.93 | OK | |||
r-devel-linux-x86_64-fedora-gcc | 0.1.2 | 71.32 | OK | |||
r-devel-macos-arm64 | 0.1.2 | 32.00 | OK | |||
r-devel-macos-x86_64 | 0.1.2 | 78.00 | OK | |||
r-devel-windows-x86_64 | 0.1.2 | 6.00 | 55.00 | 61.00 | OK | |
r-patched-linux-x86_64 | 0.1.2 | 4.46 | 30.74 | 35.20 | OK | |
r-release-linux-x86_64 | 0.1.2 | 4.43 | 31.38 | 35.81 | OK | |
r-release-macos-arm64 | 0.1.2 | 31.00 | NOTE | |||
r-release-macos-x86_64 | 0.1.2 | 64.00 | NOTE | |||
r-release-windows-x86_64 | 0.1.2 | 6.00 | 57.00 | 63.00 | NOTE | |
r-oldrel-macos-arm64 | 0.1.2 | 31.00 | NOTE | |||
r-oldrel-macos-x86_64 | 0.1.2 | 47.00 | NOTE | |||
r-oldrel-windows-x86_64 | 0.1.2 | 8.00 | 62.00 | 70.00 | NOTE |
Version: 0.1.2
Check: installed package size
Result: NOTE
installed size is 5.8Mb
sub-directories of 1Mb or more:
doc 5.1Mb
Flavors: r-release-macos-arm64, r-release-macos-x86_64, r-release-windows-x86_64, r-oldrel-macos-arm64, r-oldrel-macos-x86_64, r-oldrel-windows-x86_64