Last updated on 2025-02-18 02:50:49 CET.
Flavor | Version | Tinstall | Tcheck | Ttotal | Status | Flags |
---|---|---|---|---|---|---|
r-devel-linux-x86_64-debian-clang | 1.8 | 11.90 | 101.21 | 113.11 | NOTE | |
r-devel-linux-x86_64-debian-gcc | 1.8 | 9.68 | 73.05 | 82.73 | NOTE | |
r-devel-linux-x86_64-fedora-clang | 1.8 | 183.54 | OK | |||
r-devel-linux-x86_64-fedora-gcc | 1.8 | 167.44 | OK | |||
r-devel-macos-arm64 | 1.8 | 48.00 | OK | |||
r-devel-macos-x86_64 | 1.8 | 100.00 | OK | |||
r-devel-windows-x86_64 | 1.8 | 13.00 | 169.00 | 182.00 | NOTE | |
r-patched-linux-x86_64 | 1.8 | 18.76 | 93.93 | 112.69 | OK | |
r-release-linux-x86_64 | 1.8 | 12.41 | 92.65 | 105.06 | OK | |
r-release-macos-arm64 | 1.8 | 47.00 | OK | |||
r-release-macos-x86_64 | 1.8 | 79.00 | OK | |||
r-release-windows-x86_64 | 1.8 | 14.00 | 110.00 | 124.00 | OK | |
r-oldrel-macos-arm64 | 1.8 | 55.00 | OK | |||
r-oldrel-macos-x86_64 | 1.8 | 152.00 | OK | |||
r-oldrel-windows-x86_64 | 1.8 | 14.00 | 144.00 | 158.00 | OK |
Version: 1.8
Check: Rd cross-references
Result: NOTE
Found the following Rd file(s) with Rd \link{} targets missing package
anchors:
gPLS.Rd: cim
gPLSda.Rd: plotIndiv, plotVar, cim, network
sPLSda.Rd: plotIndiv, plotVar, cim, network
sgPLSda.Rd: plotIndiv, plotVar, cim, network
Please provide package anchors for all Rd \link{} targets not in the
package itself and the base packages.
Flavors: r-devel-linux-x86_64-debian-clang, r-devel-linux-x86_64-debian-gcc, r-devel-windows-x86_64