Last updated on 2025-02-21 02:52:25 CET.
Flavor | Version | Tinstall | Tcheck | Ttotal | Status | Flags |
---|---|---|---|---|---|---|
r-devel-linux-x86_64-debian-clang | 1.0-1 | 9.87 | 81.48 | 91.35 | NOTE | |
r-devel-linux-x86_64-debian-gcc | 1.0-1 | 6.68 | 64.69 | 71.37 | NOTE | |
r-devel-linux-x86_64-fedora-clang | 1.0-1 | 149.47 | OK | |||
r-devel-linux-x86_64-fedora-gcc | 1.0-1 | 136.72 | OK | |||
r-devel-macos-arm64 | 1.0-1 | 43.00 | OK | |||
r-devel-macos-x86_64 | 1.0-1 | 94.00 | OK | |||
r-devel-windows-x86_64 | 1.0-1 | 11.00 | 109.00 | 120.00 | NOTE | |
r-patched-linux-x86_64 | 1.0-1 | 12.75 | 81.91 | 94.66 | OK | |
r-release-linux-x86_64 | 1.0-1 | 9.74 | 82.44 | 92.18 | OK | |
r-release-macos-arm64 | 1.0-1 | 39.00 | OK | |||
r-release-macos-x86_64 | 1.0-1 | 69.00 | OK | |||
r-release-windows-x86_64 | 1.0-1 | 9.00 | 97.00 | 106.00 | OK | |
r-oldrel-macos-arm64 | 1.0-1 | 46.00 | OK | |||
r-oldrel-macos-x86_64 | 1.0-1 | 79.00 | OK | |||
r-oldrel-windows-x86_64 | 1.0-1 | 13.00 | 134.00 | 147.00 | OK |
Version: 1.0-1
Check: Rd cross-references
Result: NOTE
Found the following Rd file(s) with Rd \link{} targets missing package
anchors:
cluster.plot.Rd: vegan
detect.outline.Rd: pixmap
generateShapeCoefficients.Rd: wd, wavethresh
plotWaveletShape.Rd: wavethresh
Please provide package anchors for all Rd \link{} targets not in the
package itself and the base packages.
Flavors: r-devel-linux-x86_64-debian-clang, r-devel-linux-x86_64-debian-gcc, r-devel-windows-x86_64