Last updated on 2025-02-18 02:50:49 CET.
Flavor | Version | Tinstall | Tcheck | Ttotal | Status | Flags |
---|---|---|---|---|---|---|
r-devel-linux-x86_64-debian-clang | 1.2.0 | 4.71 | 35.93 | 40.64 | OK | |
r-devel-linux-x86_64-debian-gcc | 1.2.0 | 3.75 | 27.03 | 30.78 | OK | |
r-devel-linux-x86_64-fedora-clang | 1.2.0 | 64.35 | OK | |||
r-devel-linux-x86_64-fedora-gcc | 1.2.0 | 60.19 | OK | |||
r-devel-macos-arm64 | 1.2.0 | 24.00 | OK | |||
r-devel-macos-x86_64 | 1.2.0 | 40.00 | OK | |||
r-devel-windows-x86_64 | 1.2.0 | 9.00 | 54.00 | 63.00 | OK | |
r-patched-linux-x86_64 | 1.2.0 | 4.38 | 33.42 | 37.80 | OK | |
r-release-linux-x86_64 | 1.2.0 | 3.99 | 33.98 | 37.97 | OK | |
r-release-macos-arm64 | 1.2.0 | 24.00 | NOTE | |||
r-release-macos-x86_64 | 1.2.0 | 34.00 | NOTE | |||
r-release-windows-x86_64 | 1.2.0 | 7.00 | 53.00 | 60.00 | NOTE | |
r-oldrel-macos-arm64 | 1.2.0 | 26.00 | NOTE | |||
r-oldrel-macos-x86_64 | 1.2.0 | 40.00 | NOTE | |||
r-oldrel-windows-x86_64 | 1.2.0 | 7.00 | 86.00 | 93.00 | NOTE |
Version: 1.2.0
Check: installed package size
Result: NOTE
installed size is 7.7Mb
sub-directories of 1Mb or more:
www 7.6Mb
Flavors: r-release-macos-arm64, r-release-macos-x86_64, r-release-windows-x86_64, r-oldrel-macos-arm64, r-oldrel-macos-x86_64, r-oldrel-windows-x86_64