Last updated on 2025-02-21 02:52:25 CET.
Flavor | Version | Tinstall | Tcheck | Ttotal | Status | Flags |
---|---|---|---|---|---|---|
r-devel-linux-x86_64-debian-clang | 0.1 | 12.62 | 90.69 | 103.31 | OK | |
r-devel-linux-x86_64-debian-gcc | 0.1 | 8.75 | 66.07 | 74.82 | OK | |
r-devel-linux-x86_64-fedora-clang | 0.1 | 170.25 | OK | |||
r-devel-linux-x86_64-fedora-gcc | 0.1 | 153.52 | OK | |||
r-devel-macos-arm64 | 0.1 | 49.00 | OK | |||
r-devel-macos-x86_64 | 0.1 | 83.00 | OK | |||
r-devel-windows-x86_64 | 0.1 | 14.00 | 98.00 | 112.00 | OK | |
r-patched-linux-x86_64 | 0.1 | 11.64 | 85.29 | 96.93 | NOTE | |
r-release-linux-x86_64 | 0.1 | 10.37 | 84.55 | 94.92 | NOTE | |
r-release-macos-arm64 | 0.1 | 38.00 | NOTE | |||
r-release-macos-x86_64 | 0.1 | 64.00 | NOTE | |||
r-release-windows-x86_64 | 0.1 | 13.00 | 93.00 | 106.00 | NOTE | |
r-oldrel-macos-arm64 | 0.1 | 42.00 | NOTE | |||
r-oldrel-macos-x86_64 | 0.1 | 69.00 | NOTE | |||
r-oldrel-windows-x86_64 | 0.1 | 17.00 | 121.00 | 138.00 | NOTE |
Version: 0.1
Check: LazyData
Result: NOTE
'LazyData' is specified without a 'data' directory
Flavors: r-patched-linux-x86_64, r-release-linux-x86_64, r-release-macos-arm64, r-release-macos-x86_64, r-release-windows-x86_64, r-oldrel-macos-arm64, r-oldrel-macos-x86_64, r-oldrel-windows-x86_64