Last updated on 2025-02-21 02:52:25 CET.
Flavor | Version | Tinstall | Tcheck | Ttotal | Status | Flags |
---|---|---|---|---|---|---|
r-devel-linux-x86_64-debian-clang | 1.8.0 | 1.57 | 24.80 | 26.37 | OK | |
r-devel-linux-x86_64-debian-gcc | 1.8.0 | 1.51 | 19.36 | 20.87 | OK | |
r-devel-linux-x86_64-fedora-clang | 1.8.0 | 47.41 | OK | |||
r-devel-linux-x86_64-fedora-gcc | 1.8.0 | 42.77 | OK | |||
r-devel-macos-arm64 | 1.8.0 | 19.00 | OK | |||
r-devel-macos-x86_64 | 1.8.0 | 35.00 | OK | |||
r-devel-windows-x86_64 | 1.8.0 | 5.00 | 48.00 | 53.00 | OK | |
r-patched-linux-x86_64 | 1.8.0 | 1.98 | 23.33 | 25.31 | NOTE | |
r-release-linux-x86_64 | 1.8.0 | 2.05 | 23.58 | 25.63 | NOTE | |
r-release-macos-arm64 | 1.8.0 | 19.00 | NOTE | |||
r-release-macos-x86_64 | 1.8.0 | 28.00 | NOTE | |||
r-release-windows-x86_64 | 1.8.0 | 4.00 | 43.00 | 47.00 | NOTE | |
r-oldrel-macos-arm64 | 1.8.0 | 20.00 | NOTE | |||
r-oldrel-macos-x86_64 | 1.8.0 | 27.00 | NOTE | |||
r-oldrel-windows-x86_64 | 1.8.0 | 5.00 | 77.00 | 82.00 | NOTE |
Version: 1.8.0
Check: package dependencies
Result: NOTE
Package suggested but not available for checking: ‘cmdstanr’
Flavors: r-patched-linux-x86_64, r-release-linux-x86_64, r-release-macos-arm64, r-release-macos-x86_64, r-release-windows-x86_64, r-oldrel-macos-arm64, r-oldrel-macos-x86_64, r-oldrel-windows-x86_64