Last updated on 2025-02-21 02:52:25 CET.
Flavor | Version | Tinstall | Tcheck | Ttotal | Status | Flags |
---|---|---|---|---|---|---|
r-devel-linux-x86_64-debian-clang | 0.2.1 | 6.29 | 62.99 | 69.28 | NOTE | |
r-devel-linux-x86_64-debian-gcc | 0.2.1 | 4.86 | 44.62 | 49.48 | NOTE | |
r-devel-linux-x86_64-fedora-clang | 0.2.1 | 112.81 | NOTE | |||
r-devel-linux-x86_64-fedora-gcc | 0.2.1 | 117.95 | NOTE | |||
r-devel-macos-arm64 | 0.2.1 | 40.00 | NOTE | |||
r-devel-macos-x86_64 | 0.2.1 | 73.00 | NOTE | |||
r-devel-windows-x86_64 | 0.2.1 | 9.00 | 76.00 | 85.00 | NOTE | |
r-patched-linux-x86_64 | 0.2.1 | 6.56 | 56.92 | 63.48 | NOTE | |
r-release-linux-x86_64 | 0.2.1 | 5.02 | 57.15 | 62.17 | NOTE | |
r-release-macos-arm64 | 0.2.1 | 38.00 | NOTE | |||
r-release-macos-x86_64 | 0.2.1 | 58.00 | NOTE | |||
r-release-windows-x86_64 | 0.2.1 | 8.00 | 76.00 | 84.00 | NOTE | |
r-oldrel-macos-arm64 | 0.2.1 | 39.00 | OK | |||
r-oldrel-macos-x86_64 | 0.2.1 | 65.00 | OK | |||
r-oldrel-windows-x86_64 | 0.2.1 | 10.00 | 99.00 | 109.00 | OK |
Version: 0.2.1
Check: Rd files
Result: NOTE
checkRd: (-1) store_googledrive.Rd:19: Lost braces; missing escapes or markup?
19 | See the {gargle} package to manage authentication, and especially
| ^
checkRd: (-1) store_googledrive.Rd:20: Lost braces; missing escapes or markup?
20 | \href{https://gargle.r-lib.org/articles/articles/managing-tokens-securely.html}{this vignette from {gargle} package} to manage the process.
| ^
Flavors: r-devel-linux-x86_64-debian-clang, r-devel-linux-x86_64-debian-gcc, r-devel-linux-x86_64-fedora-clang, r-devel-linux-x86_64-fedora-gcc, r-devel-macos-arm64, r-devel-macos-x86_64, r-devel-windows-x86_64, r-patched-linux-x86_64, r-release-linux-x86_64, r-release-macos-arm64, r-release-macos-x86_64, r-release-windows-x86_64