CRAN Package Check Results for Package shinymaterial

Last updated on 2025-02-18 02:50:49 CET.

Flavor Version Tinstall Tcheck Ttotal Status Flags
r-devel-linux-x86_64-debian-clang 1.2.0 3.00 26.02 29.02 OK
r-devel-linux-x86_64-debian-gcc 1.2.0 2.10 19.86 21.96 OK
r-devel-linux-x86_64-fedora-clang 1.2.0 46.99 OK
r-devel-linux-x86_64-fedora-gcc 1.2.0 43.80 OK
r-devel-macos-arm64 1.2.0 22.00 OK
r-devel-macos-x86_64 1.2.0 32.00 OK
r-devel-windows-x86_64 1.2.0 5.00 57.00 62.00 OK
r-patched-linux-x86_64 1.2.0 3.42 24.65 28.07 NOTE
r-release-linux-x86_64 1.2.0 3.08 24.80 27.88 NOTE
r-release-macos-arm64 1.2.0 20.00 NOTE
r-release-macos-x86_64 1.2.0 30.00 NOTE
r-release-windows-x86_64 1.2.0 5.00 55.00 60.00 NOTE
r-oldrel-macos-arm64 1.2.0 20.00 NOTE
r-oldrel-macos-x86_64 1.2.0 28.00 NOTE
r-oldrel-windows-x86_64 1.2.0 6.00 52.00 58.00 NOTE

Check Details

Version: 1.2.0
Check: LazyData
Result: NOTE 'LazyData' is specified without a 'data' directory Flavors: r-patched-linux-x86_64, r-release-linux-x86_64, r-release-macos-arm64, r-release-macos-x86_64, r-release-windows-x86_64, r-oldrel-macos-arm64, r-oldrel-macos-x86_64, r-oldrel-windows-x86_64