Last updated on 2024-05-21 14:57:24 CEST.
Flavor | Version | Tinstall | Tcheck | Ttotal | Status | Flags |
---|---|---|---|---|---|---|
r-devel-linux-x86_64-debian-clang | 0.2.0 | 86.30 | 46.43 | 132.73 | NOTE | |
r-devel-linux-x86_64-debian-gcc | 0.2.0 | 66.73 | 33.79 | 100.52 | NOTE | |
r-devel-linux-x86_64-fedora-clang | 0.2.0 | 193.89 | NOTE | |||
r-devel-linux-x86_64-fedora-gcc | 0.2.0 | 209.42 | NOTE | |||
r-devel-windows-x86_64 | 0.2.0 | 73.00 | 74.00 | 147.00 | NOTE | |
r-patched-linux-x86_64 | 0.2.0 | 101.94 | 42.69 | 144.63 | NOTE | |
r-release-linux-x86_64 | 0.2.0 | 97.49 | 41.88 | 139.37 | NOTE | |
r-release-macos-arm64 | 0.2.0 | 39.00 | NOTE | |||
r-release-windows-x86_64 | 0.2.0 | 72.00 | 74.00 | 146.00 | NOTE | |
r-oldrel-macos-arm64 | 0.2.0 | 51.00 | NOTE | |||
r-oldrel-macos-x86_64 | 0.2.0 | 80.00 | NOTE | |||
r-oldrel-windows-x86_64 | 0.2.0 | 90.00 | 81.00 | 171.00 | NOTE |
Version: 0.2.0
Check: C++ specification
Result: NOTE
Specified C++11: please drop specification unless essential
Flavors: r-devel-linux-x86_64-debian-clang, r-devel-linux-x86_64-debian-gcc, r-devel-linux-x86_64-fedora-clang, r-devel-linux-x86_64-fedora-gcc, r-devel-windows-x86_64, r-patched-linux-x86_64, r-release-linux-x86_64, r-release-macos-arm64, r-release-windows-x86_64, r-oldrel-macos-arm64, r-oldrel-macos-x86_64, r-oldrel-windows-x86_64
Version: 0.2.0
Check: installed package size
Result: NOTE
installed size is 5.1Mb
sub-directories of 1Mb or more:
libs 4.9Mb
Flavors: r-release-macos-arm64, r-oldrel-macos-arm64, r-oldrel-macos-x86_64