Last updated on 2025-02-21 02:52:25 CET.
Flavor | Version | Tinstall | Tcheck | Ttotal | Status | Flags |
---|---|---|---|---|---|---|
r-devel-linux-x86_64-debian-clang | 1.0.5 | 60.94 | 117.70 | 178.64 | OK | |
r-devel-linux-x86_64-debian-gcc | 1.0.5 | 42.25 | 79.58 | 121.83 | OK | |
r-devel-linux-x86_64-fedora-clang | 1.0.5 | 310.45 | OK | |||
r-devel-linux-x86_64-fedora-gcc | 1.0.5 | 308.83 | OK | |||
r-devel-macos-arm64 | 1.0.5 | 76.00 | OK | |||
r-devel-macos-x86_64 | 1.0.5 | 180.00 | OK | |||
r-devel-windows-x86_64 | 1.0.5 | 63.00 | 147.00 | 210.00 | OK | |
r-patched-linux-x86_64 | 1.0.5 | 60.06 | 108.08 | 168.14 | OK | |
r-release-linux-x86_64 | 1.0.5 | 55.22 | 109.78 | 165.00 | OK | |
r-release-macos-arm64 | 1.0.5 | 90.00 | NOTE | |||
r-release-macos-x86_64 | 1.0.5 | 194.00 | OK | |||
r-release-windows-x86_64 | 1.0.5 | 64.00 | 147.00 | 211.00 | OK | |
r-oldrel-macos-arm64 | 1.0.4 | 93.00 | OK | |||
r-oldrel-macos-x86_64 | 1.0.5 | 145.00 | OK | |||
r-oldrel-windows-x86_64 | 1.0.5 | 75.00 | 198.00 | 273.00 | OK |
Version: 1.0.5
Check: installed package size
Result: NOTE
installed size is 5.0Mb
sub-directories of 1Mb or more:
libs 3.4Mb
Flavor: r-release-macos-arm64