Last updated on 2025-02-21 02:52:25 CET.
Flavor | Version | Tinstall | Tcheck | Ttotal | Status | Flags |
---|---|---|---|---|---|---|
r-devel-linux-x86_64-debian-clang | 0.7.1 | 7.09 | 94.68 | 101.77 | NOTE | |
r-devel-linux-x86_64-debian-gcc | 0.7.1 | 4.24 | 67.09 | 71.33 | NOTE | |
r-devel-linux-x86_64-fedora-clang | 0.7.1 | 159.36 | NOTE | |||
r-devel-linux-x86_64-fedora-gcc | 0.7.1 | 166.53 | NOTE | |||
r-devel-macos-arm64 | 0.7.1 | 52.00 | NOTE | |||
r-devel-macos-x86_64 | 0.7.1 | 89.00 | NOTE | |||
r-devel-windows-x86_64 | 0.7.1 | 10.00 | 117.00 | 127.00 | NOTE | |
r-patched-linux-x86_64 | 0.7.1 | 6.59 | 87.93 | 94.52 | NOTE | |
r-release-linux-x86_64 | 0.7.1 | 5.35 | 88.90 | 94.25 | NOTE | |
r-release-macos-arm64 | 0.7.1 | 51.00 | NOTE | |||
r-release-macos-x86_64 | 0.7.1 | 82.00 | NOTE | |||
r-release-windows-x86_64 | 0.7.1 | 11.00 | 105.00 | 116.00 | NOTE | |
r-oldrel-macos-arm64 | 0.7.1 | 59.00 | OK | |||
r-oldrel-macos-x86_64 | 0.7.1 | 93.00 | OK | |||
r-oldrel-windows-x86_64 | 0.7.1 | 13.00 | 118.00 | 131.00 | OK |
Version: 0.7.1
Check: Rd files
Result: NOTE
checkRd: (-1) inlandwaters.Rd:14: Lost braces in \itemize; meant \describe ?
checkRd: (-1) inlandwaters.Rd:15: Lost braces in \itemize; meant \describe ?
checkRd: (-1) inlandwaters.Rd:16: Lost braces in \itemize; meant \describe ?
checkRd: (-1) inlandwaters.Rd:17: Lost braces in \itemize; meant \describe ?
checkRd: (-1) inlandwaters.Rd:18: Lost braces in \itemize; meant \describe ?
checkRd: (-1) inlandwaters.Rd:19: Lost braces in \itemize; meant \describe ?
Flavors: r-devel-linux-x86_64-debian-clang, r-devel-linux-x86_64-debian-gcc, r-devel-linux-x86_64-fedora-clang, r-devel-linux-x86_64-fedora-gcc, r-devel-macos-arm64, r-devel-macos-x86_64, r-devel-windows-x86_64, r-patched-linux-x86_64, r-release-linux-x86_64, r-release-macos-arm64, r-release-macos-x86_64, r-release-windows-x86_64