Last updated on 2025-02-21 02:52:25 CET.
Flavor | Version | Tinstall | Tcheck | Ttotal | Status | Flags |
---|---|---|---|---|---|---|
r-devel-linux-x86_64-debian-clang | 2.1.3 | 57.41 | 140.61 | 198.02 | OK | |
r-devel-linux-x86_64-debian-gcc | 2.1.3 | 41.67 | 93.96 | 135.63 | OK | |
r-devel-linux-x86_64-fedora-clang | 2.1.3 | 330.06 | OK | |||
r-devel-linux-x86_64-fedora-gcc | 2.1.3 | 316.71 | OK | |||
r-devel-macos-arm64 | 2.1.3 | 81.00 | OK | |||
r-devel-macos-x86_64 | 2.1.3 | 155.00 | OK | |||
r-devel-windows-x86_64 | 2.1.3 | 62.00 | 175.00 | 237.00 | OK | |
r-patched-linux-x86_64 | 2.1.3 | 57.74 | 128.89 | 186.63 | OK | |
r-release-linux-x86_64 | 2.1.3 | 54.14 | 128.32 | 182.46 | OK | |
r-release-macos-arm64 | 2.1.3 | 81.00 | NOTE | |||
r-release-macos-x86_64 | 2.1.3 | 119.00 | NOTE | |||
r-release-windows-x86_64 | 2.1.3 | 63.00 | 170.00 | 233.00 | OK | |
r-oldrel-macos-arm64 | 2.1.3 | 88.00 | NOTE | |||
r-oldrel-macos-x86_64 | 2.1.3 | 198.00 | NOTE | |||
r-oldrel-windows-x86_64 | 2.1.3 | 77.00 | 203.00 | 280.00 | OK |
Version: 2.1.3
Check: installed package size
Result: NOTE
installed size is 5.5Mb
sub-directories of 1Mb or more:
data 2.0Mb
libs 2.5Mb
Flavors: r-release-macos-arm64, r-release-macos-x86_64, r-oldrel-macos-arm64, r-oldrel-macos-x86_64