CRAN Package Check Results for Package simplegraphdb

Last updated on 2025-02-21 02:52:25 CET.

Flavor Version Tinstall Tcheck Ttotal Status Flags
r-devel-linux-x86_64-debian-clang 2021.03.10 4.27 35.62 39.89 OK
r-devel-linux-x86_64-debian-gcc 2021.03.10 2.98 26.67 29.65 OK
r-devel-linux-x86_64-fedora-clang 2021.03.10 61.89 NOTE
r-devel-linux-x86_64-fedora-gcc 2021.03.10 59.31 NOTE
r-devel-macos-arm64 2021.03.10 24.00 OK
r-devel-macos-x86_64 2021.03.10 40.00 OK
r-devel-windows-x86_64 2021.03.10 7.00 58.00 65.00 OK
r-patched-linux-x86_64 2021.03.10 4.10 33.68 37.78 NOTE
r-release-linux-x86_64 2021.03.10 3.97 33.88 37.85 NOTE
r-release-macos-arm64 2021.03.10 23.00 NOTE
r-release-macos-x86_64 2021.03.10 32.00 NOTE
r-release-windows-x86_64 2021.03.10 6.00 55.00 61.00 NOTE
r-oldrel-macos-arm64 2021.03.10 28.00 NOTE
r-oldrel-macos-x86_64 2021.03.10 33.00 NOTE
r-oldrel-windows-x86_64 2021.03.10 6.00 58.00 64.00 NOTE

Check Details

Version: 2021.03.10
Check: dependencies in R code
Result: NOTE Namespace in Imports field not imported from: ‘DBI’ All declared Imports should be used. Flavors: r-devel-linux-x86_64-fedora-clang, r-devel-linux-x86_64-fedora-gcc

Version: 2021.03.10
Check: LazyData
Result: NOTE 'LazyData' is specified without a 'data' directory Flavors: r-patched-linux-x86_64, r-release-linux-x86_64, r-release-macos-arm64, r-release-macos-x86_64, r-release-windows-x86_64, r-oldrel-macos-arm64, r-oldrel-macos-x86_64, r-oldrel-windows-x86_64